{"id":40,"date":"2019-04-01T14:37:47","date_gmt":"2019-04-01T07:37:47","guid":{"rendered":"https:\/\/tppone.com\/demo\/baohiem\/?page_id=40"},"modified":"2019-04-03T15:01:44","modified_gmt":"2019-04-03T08:01:44","slug":"ho-tro-khach-hang","status":"publish","type":"page","link":"https:\/\/congtyphannguyen.com\/w\/baohiem\/ho-tro-khach-hang\/","title":{"rendered":"H\u1ed7 tr\u1ee3 kh\u00e1ch h\u00e0ng"},"content":{"rendered":"<div class=\"row\"  id=\"row-1228306114\">\n<div class=\"col small-12 large-12\"  ><div class=\"col-inner\"  >\n\n  <div class=\"banner has-hover\" id=\"banner-1760289851\">\n          <div class=\"banner-inner fill\">\n        <div class=\"banner-bg fill\" >\n            <div class=\"bg fill bg-fill \"><\/div>\n                        <div class=\"overlay\"><\/div>            \n                    <\/div><!-- bg-layers -->\n        <div class=\"banner-layers container\">\n            <div class=\"fill banner-link\"><\/div>            \n   <div id=\"text-box-1518235805\" class=\"text-box banner-layer x5 md-x5 lg-x5 y30 md-y30 lg-y30 res-text\">\n                                <div class=\"text dark\">\n              \n              <div class=\"text-inner text-center\">\n                  \n<h2 class=\"uppercase\"><span style=\"font-size: 75%;\">h\u1ed7 tr\u1ee3 kh\u00e1ch h\u00e0ng<\/span><\/h2>\n              <\/div>\n           <\/div><!-- text-box-inner -->\n                            \n<style scope=\"scope\">\n\n#text-box-1518235805 {\n  width: 60%;\n}\n#text-box-1518235805 .text {\n  font-size: 100%;\n}\n\n\n@media (min-width:550px) {\n\n  #text-box-1518235805 {\n    width: 52%;\n  }\n\n}\n<\/style>\n    <\/div><!-- text-box -->\n \n        <\/div><!-- .banner-layers -->\n      <\/div><!-- .banner-inner -->\n\n              <div class=\"height-fix is-invisible\"><img width=\"1200\" height=\"219\" src=\"https:\/\/congtyphannguyen.com\/w\/baohiem\/wp-content\/uploads\/2019\/04\/DOANH-NGHI\u1eb8P.jpg\" class=\"attachment-original size-original\" alt=\"\" loading=\"lazy\" srcset=\"https:\/\/congtyphannguyen.com\/w\/baohiem\/wp-content\/uploads\/2019\/04\/DOANH-NGHI\u1eb8P.jpg 1200w, https:\/\/congtyphannguyen.com\/w\/baohiem\/wp-content\/uploads\/2019\/04\/DOANH-NGHI\u1eb8P-300x55.jpg 300w, https:\/\/congtyphannguyen.com\/w\/baohiem\/wp-content\/uploads\/2019\/04\/DOANH-NGHI\u1eb8P-768x140.jpg 768w, https:\/\/congtyphannguyen.com\/w\/baohiem\/wp-content\/uploads\/2019\/04\/DOANH-NGHI\u1eb8P-1024x187.jpg 1024w\" sizes=\"(max-width: 1200px) 100vw, 1200px\" \/><\/div>\n            \n<style scope=\"scope\">\n\n#banner-1760289851 .bg.bg-loaded {\n  background-image: url(https:\/\/congtyphannguyen.com\/w\/baohiem\/wp-content\/uploads\/2019\/04\/DOANH-NGHI\u1eb8P.jpg);\n}\n#banner-1760289851 .overlay {\n  background-color: rgba(0, 0, 0, 0.4);\n}\n<\/style>\n  <\/div><!-- .banner -->\n\n\n<\/div><\/div>\n<\/div>\n<div class=\"row\"  id=\"row-663684448\">\n<div class=\"col small-12 large-12\"  ><div class=\"col-inner\"  >\n<div class=\"container section-title-container\" ><h3 class=\"section-title section-title-center\"><b><\/b><span class=\"section-title-main\" style=\"color:rgb(0, 0, 0);\">H\u1ed6 TR\u1ee2 KH\u00c1CH H\u00c0NG<\/span><b><\/b><\/h3><\/div><!-- .section-title -->\n<p style=\"text-align: center;\">Ch\u00fang t\u00f4i s\u1eb5n s\u00e0ng h\u1ed7 tr\u1ee3 m\u1ecdi nhu c\u1ea7u v\u00e0 c\u00e2u h\u1ecfi li\u00ean quan \u0111\u1ebfn b\u1ea3o hi\u1ec3m<\/p>\n<\/div><\/div>\n<\/div>\n<div class=\"row row-small\"  id=\"row-1121449701\">\n<div class=\"col medium-3 small-12 large-3\"  ><div class=\"col-inner\"  >\n\n\t<a class=\"plain\" href=\"\/dieu-chinh-ho-so\/\" target=\"_self\" >\t<div class=\"icon-box featured-box icon-box-center text-center\"  >\n\t\t\t\t\t<div class=\"icon-box-img\" style=\"width: 100px\">\n\t\t\t\t<div class=\"icon\">\n\t\t\t\t\t<div class=\"icon-inner\" >\n\t\t\t\t\t\t<img width=\"120\" height=\"120\" src=\"https:\/\/congtyphannguyen.com\/w\/baohiem\/wp-content\/uploads\/2019\/04\/htcm_1.png\" class=\"attachment-medium size-medium\" alt=\"\" loading=\"lazy\" \/>\t\t\t\t\t<\/div>\n\t\t\t\t<\/div>\n\t\t\t<\/div>\n\t\t\t\t<div class=\"icon-box-text last-reset\">\n\t\t\t\t\t\t\t\t\t\n<p style=\"text-align: center;\"><strong>\u0110i\u1ec1u ch\u1ec9nh h\u1ed3 s\u01a1<\/strong><\/p>\n\t\t<\/div>\n\t<\/div><!-- .icon-box -->\n\t<\/a>\n\t\n<div class=\"gap-element\" style=\"display:block; height:auto; padding-top:30px\" class=\"clearfix\"><\/div>\n\n\t<a class=\"plain\" href=\"\/thuat-ngu-bao-hiem\/\" target=\"_self\" >\t<div class=\"icon-box featured-box icon-box-center text-center\"  >\n\t\t\t\t\t<div class=\"icon-box-img\" style=\"width: 100px\">\n\t\t\t\t<div class=\"icon\">\n\t\t\t\t\t<div class=\"icon-inner\" >\n\t\t\t\t\t\t<img width=\"118\" height=\"118\" src=\"https:\/\/congtyphannguyen.com\/w\/baohiem\/wp-content\/uploads\/2019\/04\/htcm_4.png\" class=\"attachment-medium size-medium\" alt=\"\" loading=\"lazy\" \/>\t\t\t\t\t<\/div>\n\t\t\t\t<\/div>\n\t\t\t<\/div>\n\t\t\t\t<div class=\"icon-box-text last-reset\">\n\t\t\t\t\t\t\t\t\t\n<p style=\"text-align: center;\"><strong>Thu\u1eadt ng\u1eef b\u1ea3o hi\u1ec3m<\/strong><\/p>\n\t\t<\/div>\n\t<\/div><!-- .icon-box -->\n\t<\/a>\n\t\n<\/div><\/div>\n<div class=\"col medium-3 small-12 large-3\"  ><div class=\"col-inner\"  >\n\n\t<a class=\"plain\" href=\"\/ho-tro-khach-hang\/giai-quyet-quyen-loi-bao-hiem\/\" target=\"_self\" >\t<div class=\"icon-box featured-box icon-box-center text-center\"  >\n\t\t\t\t\t<div class=\"icon-box-img\" style=\"width: 100px\">\n\t\t\t\t<div class=\"icon\">\n\t\t\t\t\t<div class=\"icon-inner\" >\n\t\t\t\t\t\t<img width=\"118\" height=\"118\" src=\"https:\/\/congtyphannguyen.com\/w\/baohiem\/wp-content\/uploads\/2019\/04\/htcm_2.png\" class=\"attachment-medium size-medium\" alt=\"\" loading=\"lazy\" \/>\t\t\t\t\t<\/div>\n\t\t\t\t<\/div>\n\t\t\t<\/div>\n\t\t\t\t<div class=\"icon-box-text last-reset\">\n\t\t\t\t\t\t\t\t\t\n<p style=\"text-align: center;\"><strong>Gi\u1ea3i quy\u1ebft quy\u1ec1n l\u1ee3i b\u1ea3o hi\u1ec3m<\/strong><\/p>\n\t\t<\/div>\n\t<\/div><!-- .icon-box -->\n\t<\/a>\n\t\n<div class=\"gap-element\" style=\"display:block; height:auto; padding-top:30px\" class=\"clearfix\"><\/div>\n\n\t<a class=\"plain\" href=\"\/ho-tro-khach-hang\/cham-soc-khach-hang\/\" target=\"_self\" >\t<div class=\"icon-box featured-box icon-box-center text-center\"  >\n\t\t\t\t\t<div class=\"icon-box-img\" style=\"width: 100px\">\n\t\t\t\t<div class=\"icon\">\n\t\t\t\t\t<div class=\"icon-inner\" >\n\t\t\t\t\t\t<img width=\"118\" height=\"118\" src=\"https:\/\/congtyphannguyen.com\/w\/baohiem\/wp-content\/uploads\/2019\/04\/htcm_6.png\" class=\"attachment-medium size-medium\" alt=\"\" loading=\"lazy\" \/>\t\t\t\t\t<\/div>\n\t\t\t\t<\/div>\n\t\t\t<\/div>\n\t\t\t\t<div class=\"icon-box-text last-reset\">\n\t\t\t\t\t\t\t\t\t\n<p style=\"text-align: center;\"><strong>Ch\u0103m s\u00f3c kh\u00e1ch h\u00e0ng<\/strong><\/p>\n\t\t<\/div>\n\t<\/div><!-- .icon-box -->\n\t<\/a>\n\t\n<\/div><\/div>\n<div class=\"col medium-3 small-12 large-3\"  ><div class=\"col-inner\"  >\n\n\t<a class=\"plain\" href=\"\/mau-don-thong-dung\/\" target=\"_self\" >\t<div class=\"icon-box featured-box icon-box-center text-center\"  >\n\t\t\t\t\t<div class=\"icon-box-img\" style=\"width: 100px\">\n\t\t\t\t<div class=\"icon\">\n\t\t\t\t\t<div class=\"icon-inner\" >\n\t\t\t\t\t\t<img width=\"118\" height=\"118\" src=\"https:\/\/congtyphannguyen.com\/w\/baohiem\/wp-content\/uploads\/2019\/04\/htcm_3.png\" class=\"attachment-medium size-medium\" alt=\"\" loading=\"lazy\" \/>\t\t\t\t\t<\/div>\n\t\t\t\t<\/div>\n\t\t\t<\/div>\n\t\t\t\t<div class=\"icon-box-text last-reset\">\n\t\t\t\t\t\t\t\t\t\n<p style=\"text-align: center;\"><strong>Bi\u1ec3u m\u1eabu th\u00f4ng d\u1ee5ng<\/strong><\/p>\n\t\t<\/div>\n\t<\/div><!-- .icon-box -->\n\t<\/a>\n\t\n<div class=\"gap-element\" style=\"display:block; height:auto; padding-top:30px\" class=\"clearfix\"><\/div>\n\n\t<a class=\"plain\" href=\"\/ho-tro-khach-hang\/dong-phi-bao-hiem\/\" target=\"_self\" >\t<div class=\"icon-box featured-box icon-box-center text-center\"  >\n\t\t\t\t\t<div class=\"icon-box-img\" style=\"width: 100px\">\n\t\t\t\t<div class=\"icon\">\n\t\t\t\t\t<div class=\"icon-inner\" >\n\t\t\t\t\t\t<img width=\"100\" height=\"100\" src=\"https:\/\/congtyphannguyen.com\/w\/baohiem\/wp-content\/uploads\/2019\/04\/icon_33-trieu-kh.png\" class=\"attachment-medium size-medium\" alt=\"\" loading=\"lazy\" \/>\t\t\t\t\t<\/div>\n\t\t\t\t<\/div>\n\t\t\t<\/div>\n\t\t\t\t<div class=\"icon-box-text last-reset\">\n\t\t\t\t\t\t\t\t\t\n<p style=\"text-align: center;\"><strong>\u0110\u00f3ng ph\u00ed b\u1ea3o hi\u1ec3m<\/strong><\/p>\n\t\t<\/div>\n\t<\/div><!-- .icon-box -->\n\t<\/a>\n\t\n<\/div><\/div>\n<div class=\"col medium-3 small-12 large-3\"  ><div class=\"col-inner\"  >\n\n\t<a class=\"plain\" href=\"\/ho-tro-khach-hang\/cau-hoi-thuong-gap\/\" target=\"_self\" >\t<div class=\"icon-box featured-box icon-box-center text-center\"  >\n\t\t\t\t\t<div class=\"icon-box-img\" style=\"width: 100px\">\n\t\t\t\t<div class=\"icon\">\n\t\t\t\t\t<div class=\"icon-inner\" >\n\t\t\t\t\t\t<img width=\"118\" height=\"118\" src=\"https:\/\/congtyphannguyen.com\/w\/baohiem\/wp-content\/uploads\/2019\/04\/htcm_5.png\" class=\"attachment-medium size-medium\" alt=\"\" loading=\"lazy\" \/>\t\t\t\t\t<\/div>\n\t\t\t\t<\/div>\n\t\t\t<\/div>\n\t\t\t\t<div class=\"icon-box-text last-reset\">\n\t\t\t\t\t\t\t\t\t\n<p style=\"text-align: center;\"><strong>C\u00e2u h\u1ecfi th\u01b0\u1eddng g\u1eb7p<\/strong><\/p>\n\t\t<\/div>\n\t<\/div><!-- .icon-box -->\n\t<\/a>\n\t\n<div class=\"gap-element\" style=\"display:block; height:auto; padding-top:30px\" class=\"clearfix\"><\/div>\n\n\t<a class=\"plain\" href=\"\/nop-ho-so-truc-tuyen\/\" target=\"_self\" >\t<div class=\"icon-box featured-box icon-box-center text-center\"  >\n\t\t\t\t\t<div class=\"icon-box-img\" style=\"width: 100px\">\n\t\t\t\t<div class=\"icon\">\n\t\t\t\t\t<div class=\"icon-inner\" >\n\t\t\t\t\t\t<img width=\"100\" height=\"100\" src=\"https:\/\/congtyphannguyen.com\/w\/baohiem\/wp-content\/uploads\/2019\/04\/icon_1-4-anh.png\" class=\"attachment-medium size-medium\" alt=\"\" loading=\"lazy\" \/>\t\t\t\t\t<\/div>\n\t\t\t\t<\/div>\n\t\t\t<\/div>\n\t\t\t\t<div class=\"icon-box-text last-reset\">\n\t\t\t\t\t\t\t\t\t\n<p style=\"text-align: center;\"><strong>N\u1ed9p h\u1ed3 s\u01a1 tr\u1ef1c tuy\u1ebfn<\/strong><\/p>\n\t\t<\/div>\n\t<\/div><!-- .icon-box -->\n\t<\/a>\n\t\n<\/div><\/div>\n\n<style scope=\"scope\">\n\n<\/style>\n<\/div>\n","protected":false},"excerpt":{"rendered":"","protected":false},"author":1,"featured_media":0,"parent":0,"menu_order":0,"comment_status":"closed","ping_status":"closed","template":"page-blank.php","meta":[],"_links":{"self":[{"href":"https:\/\/congtyphannguyen.com\/w\/baohiem\/wp-json\/wp\/v2\/pages\/40"}],"collection":[{"href":"https:\/\/congtyphannguyen.com\/w\/baohiem\/wp-json\/wp\/v2\/pages"}],"about":[{"href":"https:\/\/congtyphannguyen.com\/w\/baohiem\/wp-json\/wp\/v2\/types\/page"}],"author":[{"embeddable":true,"href":"https:\/\/congtyphannguyen.com\/w\/baohiem\/wp-json\/wp\/v2\/users\/1"}],"replies":[{"embeddable":true,"href":"https:\/\/congtyphannguyen.com\/w\/baohiem\/wp-json\/wp\/v2\/comments?post=40"}],"version-history":[{"count":0,"href":"https:\/\/congtyphannguyen.com\/w\/baohiem\/wp-json\/wp\/v2\/pages\/40\/revisions"}],"wp:attachment":[{"href":"https:\/\/congtyphannguyen.com\/w\/baohiem\/wp-json\/wp\/v2\/media?parent=40"}],"curies":[{"name":"wp","href":"https:\/\/api.w.org\/{rel}","templated":true}]}}