{"id":42,"date":"2019-04-22T22:30:34","date_gmt":"2019-04-22T15:30:34","guid":{"rendered":"https:\/\/tppone.com\/demo\/bds7\/?page_id=42"},"modified":"2019-04-23T10:52:58","modified_gmt":"2019-04-23T03:52:58","slug":"lien-he","status":"publish","type":"page","link":"https:\/\/congtyphannguyen.com\/w\/bds9\/lien-he\/","title":{"rendered":"Li\u00ean h\u1ec7"},"content":{"rendered":"<p><span style=\"color: #ed1c24;\"><strong>PH\u00d2NG KINH DOANH B\u1ea4T \u0110\u1ed8NG S\u1ea2N<\/strong><\/span><\/p>\n<ul>\n<li><strong>Hotline:<\/strong>\u00a0<strong>0939 541 337<\/strong><\/li>\n<li><strong>Email:<\/strong>\u00a0<a href=\"mailto:congtydanhkhoireal@gmail.com\">congtydanhkhoireal@gmail.com<\/a><\/li>\n<li><strong>Website:<\/strong>\u00a0<a href=\"https:\/\/danhkhoireal.vn\/\">www.danhkhoireal.vn<\/a><\/li>\n<\/ul>\n<p><span style=\"color: #000000; font-size: 95%;\">C\u1ea7n h\u1ed7 tr\u1ee3 t\u1eeb ch\u00ednh ch\u1ee7 \u0111\u1ea7u t\u01b0 DanhKhoiReal.VN, h\u00e3y g\u1eedi y\u00eau c\u1ea7u cho ch\u00fang t\u00f4i theo Form th\u00f4ng tin b\u00ean d\u01b0\u1edbi. Ch\u00fang t\u00f4i s\u1ebd ph\u1ea3n h\u1ed3i th\u00f4ng tin cho qu\u00fd kh\u00e1ch h\u00e0ng trong th\u1eddi gian 1 ph\u00fat sau.<\/span><\/p>\n<div class=\"row\"  id=\"row-1913570486\">\n\n\t<div id=\"col-1719787339\" class=\"col medium-6 small-12 large-6\"  >\n\t\t\t\t<div class=\"col-inner\"  >\n\t\t\t\n\t\t\t\n<div role=\"form\" class=\"wpcf7\" id=\"wpcf7-f173-o1\" lang=\"vi\" dir=\"ltr\">\n<div class=\"screen-reader-response\"><p role=\"status\" aria-live=\"polite\" aria-atomic=\"true\"><\/p> <ul><\/ul><\/div>\n<form action=\"\/w\/bds9\/wp-json\/wp\/v2\/pages\/42#wpcf7-f173-o1\" method=\"post\" class=\"wpcf7-form init\" novalidate=\"novalidate\" data-status=\"init\">\n<div style=\"display: none;\">\n<input type=\"hidden\" name=\"_wpcf7\" value=\"173\" \/>\n<input type=\"hidden\" name=\"_wpcf7_version\" value=\"5.5.1\" \/>\n<input type=\"hidden\" name=\"_wpcf7_locale\" value=\"vi\" \/>\n<input type=\"hidden\" name=\"_wpcf7_unit_tag\" value=\"wpcf7-f173-o1\" \/>\n<input type=\"hidden\" name=\"_wpcf7_container_post\" value=\"0\" \/>\n<input type=\"hidden\" name=\"_wpcf7_posted_data_hash\" value=\"\" \/>\n<\/div>\n<div class=\"form-lien-he\">\n<div class=\"left\">\n<span class=\"wpcf7-form-control-wrap text-811\"><input type=\"text\" name=\"text-811\" value=\"\" size=\"40\" class=\"wpcf7-form-control wpcf7-text wpcf7-validates-as-required\" aria-required=\"true\" aria-invalid=\"false\" placeholder=\"H\u1ecd v\u00e0 t\u00ean...\" \/><\/span><br \/>\n<span class=\"wpcf7-form-control-wrap tel-383\"><input type=\"tel\" name=\"tel-383\" value=\"\" size=\"40\" class=\"wpcf7-form-control wpcf7-text wpcf7-tel wpcf7-validates-as-required wpcf7-validates-as-tel\" aria-required=\"true\" aria-invalid=\"false\" placeholder=\"\u0110i\u1ec7n tho\u1ea1i c\u1ee7a b\u1ea1n...\" \/><\/span><br \/>\n<span class=\"wpcf7-form-control-wrap email-370\"><input type=\"email\" name=\"email-370\" value=\"\" size=\"40\" class=\"wpcf7-form-control wpcf7-text wpcf7-email wpcf7-validates-as-email\" aria-invalid=\"false\" placeholder=\"\u0110\u1ecba ch\u1ec9 email...\" \/><\/span><br \/>\n<span class=\"wpcf7-form-control-wrap menu-835\"><select name=\"menu-835\" class=\"wpcf7-form-control wpcf7-select\" aria-invalid=\"false\"><option value=\"B\u1ea5t \u0111\u1ed9ng s\u1ea3n quan t\u00e2m\">B\u1ea5t \u0111\u1ed9ng s\u1ea3n quan t\u00e2m<\/option><option value=\"C\u0103n h\u1ed9 chung c\u01b0\">C\u0103n h\u1ed9 chung c\u01b0<\/option><option value=\"\u0110\u1ea5t n\u1ec1n d\u1ef1 \u00e1n\">\u0110\u1ea5t n\u1ec1n d\u1ef1 \u00e1n<\/option><option value=\"Bi\u1ec7t th\u1ef1 - nh\u00e0 ph\u1ed1\">Bi\u1ec7t th\u1ef1 - nh\u00e0 ph\u1ed1<\/option><\/select><\/span>\n<\/div>\n<div class=\"right\">\n<span class=\"wpcf7-form-control-wrap textarea-356\"><textarea name=\"textarea-356\" cols=\"40\" rows=\"10\" class=\"wpcf7-form-control wpcf7-textarea\" aria-invalid=\"false\" placeholder=\"Vui l\u00f2ng ghi r\u00f5 nhu c\u1ea7u c\u1ee7a b\u1ea1n...\"><\/textarea><\/span><br \/>\n<input type=\"submit\" value=\"G\u1eedi li\u00ean h\u1ec7 ngay\" class=\"wpcf7-form-control has-spinner wpcf7-submit\" \/>\n<\/div>\n<\/div>\n<div class=\"wpcf7-response-output\" aria-hidden=\"true\"><\/div><\/form><\/div>\n\t\t<\/div>\n\t\t\t\t\t<\/div>\n\n\t\n\n\t<div id=\"col-1491564660\" class=\"col medium-6 small-12 large-6\"  >\n\t\t\t\t<div class=\"col-inner\"  >\n\t\t\t\n\t\t\t\n<p><iframe loading=\"lazy\" src=\"https:\/\/www.google.com\/maps\/embed?pb=!1m18!1m12!1m3!1d3724.9896452925323!2d105.80175881528228!3d20.993052186017728!2m3!1f0!2f0!3f0!3m2!1i1024!2i768!4f13.1!3m3!1m2!1s0x3135acc6066cb537%3A0x4fc1c256d7cdb4d!2zR2l1c2VBcnQgLSBUaGnhur90IGvhur8gxJHhu5MgaOG7jWEgdsOgIHdlYnNpdGUgY2h1ecOqbiBuZ2hp4buHcA!5e0!3m2!1sen!2s!4v1555991542659!5m2!1sen!2s\" width=\"100%\" height=\"250\" frameborder=\"0\" style=\"border:0\" allowfullscreen><\/iframe><\/p>\n\t\t<\/div>\n\t\t\t\t\t<\/div>\n\n\t\n<\/div>\n","protected":false},"excerpt":{"rendered":"<p>PH\u00d2NG KINH DOANH B\u1ea4T \u0110\u1ed8NG S\u1ea2N Hotline:\u00a00939 541 337 Email:\u00a0congtydanhkhoireal@gmail.com Website:\u00a0www.danhkhoireal.vn C\u1ea7n h\u1ed7 tr\u1ee3 t\u1eeb ch\u00ednh ch\u1ee7 \u0111\u1ea7u t\u01b0 DanhKhoiReal.VN, h\u00e3y g\u1eedi y\u00eau c\u1ea7u cho ch\u00fang t\u00f4i theo Form th\u00f4ng tin b\u00ean d\u01b0\u1edbi. Ch\u00fang t\u00f4i s\u1ebd ph\u1ea3n h\u1ed3i th\u00f4ng tin cho qu\u00fd kh\u00e1ch h\u00e0ng trong th\u1eddi gian 1 ph\u00fat sau.<\/p>\n","protected":false},"author":1,"featured_media":0,"parent":0,"menu_order":0,"comment_status":"closed","ping_status":"closed","template":"page-blank-title-center.php","meta":[],"_links":{"self":[{"href":"https:\/\/congtyphannguyen.com\/w\/bds9\/wp-json\/wp\/v2\/pages\/42"}],"collection":[{"href":"https:\/\/congtyphannguyen.com\/w\/bds9\/wp-json\/wp\/v2\/pages"}],"about":[{"href":"https:\/\/congtyphannguyen.com\/w\/bds9\/wp-json\/wp\/v2\/types\/page"}],"author":[{"embeddable":true,"href":"https:\/\/congtyphannguyen.com\/w\/bds9\/wp-json\/wp\/v2\/users\/1"}],"replies":[{"embeddable":true,"href":"https:\/\/congtyphannguyen.com\/w\/bds9\/wp-json\/wp\/v2\/comments?post=42"}],"version-history":[{"count":0,"href":"https:\/\/congtyphannguyen.com\/w\/bds9\/wp-json\/wp\/v2\/pages\/42\/revisions"}],"wp:attachment":[{"href":"https:\/\/congtyphannguyen.com\/w\/bds9\/wp-json\/wp\/v2\/media?parent=42"}],"curies":[{"name":"wp","href":"https:\/\/api.w.org\/{rel}","templated":true}]}}