{"id":821,"date":"2017-11-21T09:00:23","date_gmt":"2017-11-21T02:00:23","guid":{"rendered":"https:\/\/bizhostvn.com\/w\/gom\/?page_id=821"},"modified":"2017-11-21T09:00:48","modified_gmt":"2017-11-21T02:00:48","slug":"gioi-thieu","status":"publish","type":"page","link":"https:\/\/congtyphannguyen.com\/w\/gom\/gioi-thieu\/","title":{"rendered":"Gi\u1edbi thi\u1ec7u"},"content":{"rendered":"<h2 class=\"newsdetail-brief\">Gi\u1edbi thi\u1ec7u<\/h2>\n<p class=\"newsdetail-brief\">L\u00e0ng g\u1ed1m s\u1ee9 B\u00e1t Tr\u00e0ng v\u1edbi l\u1ecbch s\u1eed h\u00ecnh th\u00e0nh h\u01a1n 700 n\u0103m nay, l\u00e0ng g\u1ed1m s\u1ee9 B\u00e1t Tr\u00e0ng v\u1eabn \u0111ang t\u1ed3n t\u1ea1i v\u00e0 ph\u00e1t tri\u1ec3n m\u1ed9t c\u00e1ch r\u1ef1c r\u1ee1. Cho \u0111\u1ebfn nay s\u1ea3n ph\u1ea9m g\u1ed1m s\u1ee9 B\u00e1t Tr\u00e0ng ng\u00e0y c\u00e0ng phong ph\u00fa v\u00e0 \u0111a d\u1ea1ng. Ngo\u00e0i nh\u1eefng m\u1eb7t h\u00e0ng truy\u1ec1n th\u1ed1ng, B\u00e1t Tr\u00e0ng c\u00f2n s\u1ea3n xu\u1ea5t nhi\u1ec1u m\u1eb7t h\u00e0ng m\u1edbi \u0111\u00e1p \u1ee9ng nhu c\u1ea7u trong n\u01b0\u1edbc c\u0169ng nh\u01b0 qu\u1ed1c t\u1ebf. C\u00f9ng v\u1edbi b\u00e0n tay kh\u00e9o l\u00e9o c\u1ee7a nh\u1eefng ngh\u1ec7 nh\u00e2n t\u00e0i hoa, c\u00e1c s\u1ea3n ph\u1ea9m g\u1ed1m s\u1ee9 \u0111\u1ed9c \u0111\u00e1o ra \u0111\u1eddi mang tr\u00ean m\u00ecnh nh\u1eefng n\u00e9t tinh t\u00fay ri\u00eang c\u1ee7a m\u1ed9t l\u00e0ng ngh\u1ec1 truy\u1ec1n th\u1ed1ng.<\/p>\n<div class=\"newsdetail-description clrfix\">\n<p>Nh\u1eadn th\u1ee9c \u0111\u01b0\u1ee3c vai tr\u00f2 v\u00e0 t\u1ea7m quan tr\u1ecdng c\u1ee7a vi\u1ec7c qu\u1ea3ng b\u00e1 s\u1ea3n ph\u1ea9m v\u00e0 v\u0103n h\u00f3a c\u1ee7a B\u00e1t Tr\u00e0ng, <strong>Ch\u1ee3 g\u1ed1m B\u00e1t Tr\u00e0ng tr\u1ef1c tuy\u1ebfn<\/strong> \u0111\u01b0\u1ee3c th\u00e0nh l\u1eadp v\u00e0 \u0111\u01a1n v\u1ecb ch\u1ee7 qu\u1ea3n l\u00e0 <strong>C\u00f4ng ty G\u1ed1m S\u1ee9 B\u1ea3o Kh\u00e1nh<\/strong> v\u1edbi nhi\u1ec7m v\u1ee5 gi\u1edbi thi\u1ec7u c\u00e1c s\u1ea3n ph\u1ea9m g\u1ed1m s\u1ee9 c\u1ee7a l\u00e0ng ngh\u1ec1 truy\u1ec1n th\u1ed1ng B\u00e1t Tr\u00e0ng \u0111\u1ebfn b\u1ea1n b\u00e8 g\u1ea7n xa trong v\u00e0 ngo\u00e0i n\u01b0\u1edbc. \u0110\u00e2y l\u00e0 n\u01a1i t\u1ee5 h\u1ecdp s\u1ea3n ph\u1ea9m c\u1ee7a t\u1ea5t c\u1ea3 c\u00e1c l\u00f2 g\u1ed1m \u1edf B\u00e1t Tr\u00e0ng, v\u1edbi s\u1ef1 \u0111a d\u1ea1ng v\u1ec1 m\u1eabu m\u00e3 v\u00e0 ch\u1ee7ng lo\u1ea1i ch\u00fang t\u00f4i hi v\u1ecdng r\u1eb1ng s\u1ebd chi\u1ec1u l\u00f2ng \u0111\u01b0\u1ee3c c\u1ea3 nh\u1eefng kh\u00e1ch h\u00e0ng kh\u00f3 t\u00ednh nh\u1ea5t.<\/p>\n<p>Ch\u00fang t\u00f4i lu\u00f4n lu\u00f4n ph\u1ea5n \u0111\u1ea5u, x\u00e2y d\u1ef1ng v\u00e0 n\u00e2ng cao ch\u1ea5t l\u01b0\u1ee3ng ph\u1ee5c v\u1ee5 \u0111\u1ec3 Ch\u1ee3 g\u1ed1m B\u00e1t Tr\u00e0ng tr\u1ef1c tuy\u1ebfn lu\u00f4n \u0111\u00fang v\u1edbi t\u00f4n ch\u1ec9 \u201c<strong><em>N\u01a1i h\u1ed9i t\u1ee5 c\u1ee7a<\/em><\/strong> <strong><em>Tinh Hoa L\u00e0ng Ngh\u1ec1\u201d.<\/em><\/strong><strong><em>\u00a0<\/em><\/strong><\/p>\n<p><strong><em>T\u1ea1i \u0111\u00e2y c\u00e1c b\u1ea1n c\u00f3 th\u1ec3:<\/em><\/strong><strong><em>\u00a0<\/em><\/strong><\/p>\n<p>&#8211; \u00a0 \u00a0 Tra c\u1ee9u th\u00f4ng tin v\u1ec1 c\u00e1c s\u1ea3n ph\u1ea9m, c\u00e1c ngh\u1ec7 nh\u00e2n, nh\u1eefng n\u00e9t v\u0103n h\u00f3a hay \u1ea9m th\u1ef1c c\u1ee7a B\u00e1t Tr\u00e0ng.<\/p>\n<p>&#8211; \u00a0 \u00a0 Ghi nh\u1eadn, h\u1ecdc h\u1ecfi v\u00e0 trao \u0111\u1ed5i kinh nghi\u1ec7m ch\u1ecdn mua hay s\u1eed d\u1ee5ng c\u00e1c s\u1ea3n ph\u1ea9m g\u1ed1m s\u1ee9.<\/p>\n<p>&#8211; \u00a0 \u00a0 T\u1ea1o ra m\u1ed9t s\u00e2n ch\u01a1i cho nh\u1eefng ai \u0111am m\u00ea g\u1ed1m c\u1ed5 B\u00e1t Tr\u00e0ng n\u00f3i ri\u00eang v\u00e0 G\u1ed1m c\u1ed5 Vi\u1ec7t Nam n\u00f3i chung.<\/p>\n<p>Nh\u1eb1m \u0111\u1ea9y m\u1ea1nh vi\u1ec7c ph\u00e1t tri\u1ec3n s\u1ea3n ph\u1ea9m g\u1ed1m s\u1ee9 B\u00e1t Tr\u00e0ng, v\u1edbi m\u1ee5c ti\u00eau \u201c<strong><em>Chung tay x\u00e2y d\u1ef1ng \u2013 C\u00f9ng nhau ph\u00e1t tri\u1ec3n<\/em><\/strong>\u201d, ch\u00fang t\u00f4i mu\u1ed1n m\u1edf r\u1ed9ng \u0111\u1ea1i l\u00fd ra c\u00e1c t\u1ec9nh th\u00e0nh tr\u00ean c\u1ea3 n\u01b0\u1edbc. \u0110\u01a1n v\u1ecb, c\u00e1 nh\u00e2n n\u00e0o c\u00f3 nhu c\u1ea7u xin li\u00ean h\u1ec7 v\u1edbi ch\u00fang t\u00f4i theo th\u00f4ng tin b\u00ean d\u01b0\u1edbi.<\/p>\n<p><strong>CH\u1ee2 G\u1ed0M B\u00c1T TR\u00c0NG TR\u1ef0C TUY\u1ebeN\u00a0<\/strong><strong>C\u00d4NG TY G\u1ed0M S\u1ee8 B\u1ea2O KH\u00c1NH<\/strong><\/p>\n<p>\u0110\u1ecba ch\u1ec9: X\u00f3m 1 Giang cao, B\u00e1t Tr\u00e0ng, H\u00e0 N\u1ed9i<\/p>\n<p>\u0110T: <span class=\"skype_c2c_print_container\">04.8582 8692 &#8211;\u00a0<\/span><span class=\"skype_c2c_container\" dir=\"ltr\"><span class=\"skype_c2c_highlighting_inactive_common\" dir=\"ltr\"><span class=\"skype_c2c_textarea_span\"><span class=\"skype_c2c_text_span\">04.8582 8692<\/span><\/span><\/span><\/span> \/ <span class=\"skype_c2c_print_container\">04.3 6715 195 &#8211;\u00a0<\/span><span class=\"skype_c2c_container\" dir=\"ltr\"><span class=\"skype_c2c_highlighting_inactive_common\" dir=\"ltr\"><span class=\"skype_c2c_textarea_span\"><span class=\"skype_c2c_text_span\">04.3 6715 195<\/span><\/span><\/span><\/span><\/p>\n<p>Fax: 04.3 6715 195<\/p>\n<p><strong>Hostline: <span class=\"skype_c2c_print_container\">0906 193 198 &#8211;\u00a0<\/span><span class=\"skype_c2c_container\" dir=\"ltr\"><span class=\"skype_c2c_highlighting_inactive_common\" dir=\"ltr\"><span class=\"skype_c2c_textarea_span\"><span class=\"skype_c2c_text_span\">0906 193 198<\/span><\/span><\/span><\/span><\/strong><\/p>\n<p>Email: lienhe@chogombattrang.vn<\/p>\n<\/div>\n","protected":false},"excerpt":{"rendered":"<p>Gi\u1edbi thi\u1ec7u L\u00e0ng g\u1ed1m s\u1ee9 B\u00e1t Tr\u00e0ng v\u1edbi l\u1ecbch s\u1eed h\u00ecnh th\u00e0nh h\u01a1n 700 n\u0103m nay, l\u00e0ng g\u1ed1m s\u1ee9 B\u00e1t Tr\u00e0ng v\u1eabn \u0111ang t\u1ed3n t\u1ea1i v\u00e0 ph\u00e1t tri\u1ec3n m\u1ed9t c\u00e1ch r\u1ef1c r\u1ee1. Cho \u0111\u1ebfn nay s\u1ea3n ph\u1ea9m g\u1ed1m s\u1ee9 B\u00e1t Tr\u00e0ng ng\u00e0y c\u00e0ng phong ph\u00fa v\u00e0 \u0111a d\u1ea1ng. Ngo\u00e0i nh\u1eefng m\u1eb7t h\u00e0ng truy\u1ec1n th\u1ed1ng, B\u00e1t [&#8230;]\n","protected":false},"author":1,"featured_media":0,"parent":0,"menu_order":0,"comment_status":"closed","ping_status":"closed","template":"page-left-sidebar.php","meta":[],"_links":{"self":[{"href":"https:\/\/congtyphannguyen.com\/w\/gom\/wp-json\/wp\/v2\/pages\/821"}],"collection":[{"href":"https:\/\/congtyphannguyen.com\/w\/gom\/wp-json\/wp\/v2\/pages"}],"about":[{"href":"https:\/\/congtyphannguyen.com\/w\/gom\/wp-json\/wp\/v2\/types\/page"}],"author":[{"embeddable":true,"href":"https:\/\/congtyphannguyen.com\/w\/gom\/wp-json\/wp\/v2\/users\/1"}],"replies":[{"embeddable":true,"href":"https:\/\/congtyphannguyen.com\/w\/gom\/wp-json\/wp\/v2\/comments?post=821"}],"version-history":[{"count":2,"href":"https:\/\/congtyphannguyen.com\/w\/gom\/wp-json\/wp\/v2\/pages\/821\/revisions"}],"predecessor-version":[{"id":823,"href":"https:\/\/congtyphannguyen.com\/w\/gom\/wp-json\/wp\/v2\/pages\/821\/revisions\/823"}],"wp:attachment":[{"href":"https:\/\/congtyphannguyen.com\/w\/gom\/wp-json\/wp\/v2\/media?parent=821"}],"curies":[{"name":"wp","href":"https:\/\/api.w.org\/{rel}","templated":true}]}}