{"id":1199,"date":"2017-11-21T17:04:55","date_gmt":"2017-11-21T10:04:55","guid":{"rendered":"https:\/\/bizhostvn.com\/w\/gom\/?post_type=product&#038;p=1199"},"modified":"2017-11-21T17:04:55","modified_gmt":"2017-11-21T10:04:55","slug":"bo-am-chen-men-trang-ck-cao-ve-hoa-dao","status":"publish","type":"product","link":"https:\/\/congtyphannguyen.com\/w\/gom\/product\/bo-am-chen-men-trang-ck-cao-ve-hoa-dao\/","title":{"rendered":"B\u1ed9 \u1ea5m ch\u00e9n men tr\u1eafng CK cao v\u1ebd hoa \u0111\u00e0o"},"content":{"rendered":"<p>B\u1ed9\u00a0\u1ea5m ch\u00e9n CK cao v\u1ebd hoa \u0111\u00e0o \u0111\u01b0\u1ee3c s\u1ea3n xu\u1ea5t b\u1eb1ng lo\u1ea1i \u0111\u1ea5t s\u00e9t tr\u1eafng cao c\u1ea5p nh\u1ea5t c\u1ee7a B\u00e1t Tr\u00e0ng t\u1ea1o l\u00ean x\u01b0\u01a1ng g\u1ed1m c\u1ee9ng ch\u1eafc, b\u00ean ngo\u00e0i \u0111\u01b0\u1ee3c ph\u1ee7 m\u1ed9t l\u1edbp men b\u00f3ng \u0111\u1eb7c tr\u01b0ng c\u1ee7a B\u00e1t Tr\u00e0ng m\u00e0 kh\u00f4ng n\u01a1i n\u00e0o c\u00f3, c\u00e1c hoa v\u0103n \u0111\u01b0\u1ee3c v\u1ebd th\u1ee7 c\u00f4ng mang tr\u00ean m\u00ecnh nh\u1eefng n\u00e9t tinh t\u00fay ri\u00eang c\u1ee7a m\u1ed9t l\u00e0ng ngh\u1ec1 truy\u1ec1n th\u1ed1ng.\u0110\u1eb7c bi\u1ec7t s\u1ea3n ph\u1ea9m \u0111\u1ec1u \u0111\u01b0\u1ee3c nung trong l\u00f2 gas kh\u00e9p k\u00edn v\u1edbi c\u00f4ng ngh\u1ec7 hi\u1ec7n \u0111\u1ea1i nh\u1ea5t, nhi\u1ec7t \u0111\u1ed9 l\u00ean t\u1edbi\u00a0 \u1edf nhi\u1ec7t \u0111\u1ed9 1200 \u0111\u1ebfn 1300 \u0111\u1ed9 C n\u00ean c\u00e1c t\u00ednh \u0111\u1ed9c h\u1ea1i ( tr\u00ec, mangan, thu\u1ef7 ng\u00e2n..\u2026) \u0111\u00e3 \u0111\u01b0\u1ee3c kh\u1eed h\u1ebft, \u0111\u1ed9 tr\u1eafng c\u1ee7a s\u1ea3n ph\u1ea7m l\u00ean t\u1edbi h\u01a1n 90%, n\u01b0\u1edbc men sang b\u00f3ng v\u00e0 s\u1eed d\u1ee5ng th\u1eddi gian d\u00e0i kh\u00f4ng h\u1ec1 tr\u1ea7y x\u01b0\u1edbc men nh\u01b0 c\u00e1c s\u1ea3n ph\u1ea9m g\u1ed1m s\u1ee9 kh\u00e1c t\u1ea1o n\u00ean \u0111\u1ed9 b\u1ec1n \u0111\u1eb9p v\u0129nh c\u1eedu theo th\u1eddi gian.<\/p>\n<p><strong>B\u1ed9 s\u1ea3n ph\u1ea9m g\u1ed3m<\/strong>:1 \u1ea4m, 6 ch\u00e9n, 1 \u0111\u0129a \u1ea5m, 6 \u0111\u0129a ch\u00e9n<\/p>\n<p><strong>\u0110\u00f3ng g\u00f3i<\/strong>: \u0110\u00f3ng g\u00f3i v\u00e0 giao h\u00e0ng t\u1ea1i B\u00e1t Tr\u00e0ng<\/p>\n<p><strong>V\u1eadn chuy\u1ec3n<\/strong>: H\u1ed7 tr\u1ee3 ph\u01b0\u01a1ng ti\u1ec7n v\u1eadn chuy\u1ec3n<\/p>\n<p><strong>LI\u00caN H\u1ec6 \u0110\u1eb6T H\u00c0NG:<\/strong><strong>\u00a0 <\/strong><strong>Mr H\u00f2a : 0906 193 198\u00a0 &#8211;\u00a0 Email: <a href=\"mailto:sales@chogombattrang.vn\">sales@chogombattrang.vn<\/a><\/strong><\/p>\n<p>&nbsp;<\/p>\n<table border=\"0\" align=\"center\">\n<tbody>\n<tr>\n<td colspan=\"3\"><strong>TH\u00d4NG TIN CHI TI\u1ebeT S\u1ea2N PH\u1ea8M<\/p>\n<p><\/strong><\/td>\n<\/tr>\n<tr>\n<td><\/td>\n<td><\/td>\n<td><\/td>\n<\/tr>\n<tr>\n<td><strong>Lo\u1ea1i men<\/strong><\/td>\n<td><\/td>\n<td><strong>Men tr\u1eafng cao c\u1ea5p<\/strong><\/td>\n<\/tr>\n<tr>\n<td><strong>M\u00e0u men<\/strong><\/td>\n<td><\/td>\n<td><strong>Tr\u1eafng s\u00e1ng<\/strong><\/td>\n<\/tr>\n<tr>\n<td><strong>Hoa v\u0103n<\/strong><\/td>\n<td><\/td>\n<td>\u00a0<strong>Hoa \u0111\u00e0o<\/p>\n<p><\/strong><\/td>\n<\/tr>\n<tr>\n<td><strong>M\u00e0u hoa v\u0103n<\/strong><\/td>\n<td><\/td>\n<td><strong>\u00a0nhi\u1ec1u m\u00e0u<\/p>\n<p><\/strong><\/td>\n<\/tr>\n<tr>\n<td><\/td>\n<td><\/td>\n<td><\/td>\n<\/tr>\n<tr>\n<td colspan=\"3\"><strong>QUY C\u00c1CH S\u1ea2N PH\u1ea8M<\/p>\n<p><\/strong><\/td>\n<\/tr>\n<tr>\n<td><\/td>\n<td><\/td>\n<td><\/td>\n<\/tr>\n<tr>\n<td><strong>Ch\u00e9n<\/strong><\/td>\n<td><\/td>\n<td><strong>Cao: 5 cm<\/strong><\/td>\n<\/tr>\n<tr>\n<td><\/td>\n<td><\/td>\n<td><strong>\u0110\u01b0\u1eddng k\u00ednh: 6,5 cm<\/strong><\/td>\n<\/tr>\n<tr>\n<td><strong>\u0110\u0129a ch\u00e9n<\/p>\n<p><\/strong><\/td>\n<td><\/td>\n<td><strong>\u0110\u01b0\u1eddng k\u00ednh: 11 cm<\/strong><\/td>\n<\/tr>\n<tr>\n<td><strong>\u1ea4m<\/strong><\/td>\n<td><\/td>\n<td><strong>Cao: 15 cm<\/strong><\/td>\n<\/tr>\n<tr>\n<td><\/td>\n<td><\/td>\n<td><strong>\u0110\u01b0\u1eddng k\u00ednh: 11 cm<\/strong><\/td>\n<\/tr>\n<tr>\n<td><strong>\u0110\u0129a \u1ea5m<\/strong><\/td>\n<td><\/td>\n<td><strong>\u0110\u01b0\u1eddng k\u00ednh: 12 cm<\/strong><\/td>\n<\/tr>\n<\/tbody>\n<\/table>\n","protected":false},"excerpt":{"rendered":"<p>B\u1ed9\u00a0\u1ea5m ch\u00e9n CK cao v\u1ebd hoa \u0111\u00e0o \u0111\u01b0\u1ee3c s\u1ea3n xu\u1ea5t b\u1eb1ng lo\u1ea1i \u0111\u1ea5t s\u00e9t tr\u1eafng cao c\u1ea5p nh\u1ea5t c\u1ee7a B\u00e1t Tr\u00e0ng t\u1ea1o l\u00ean x\u01b0\u01a1ng g\u1ed1m c\u1ee9ng ch\u1eafc, b\u00ean ngo\u00e0i \u0111\u01b0\u1ee3c ph\u1ee7 m\u1ed9t l\u1edbp men b\u00f3ng \u0111\u1eb7c tr\u01b0ng c\u1ee7a B\u00e1t Tr\u00e0ng m\u00e0 kh\u00f4ng n\u01a1i n\u00e0o c\u00f3, c\u00e1c hoa v\u0103n \u0111\u01b0\u1ee3c v\u1ebd th\u1ee7 c\u00f4ng mang tr\u00ean m\u00ecnh nh\u1eefng n\u00e9t tinh t\u00fay ri\u00eang c\u1ee7a m\u1ed9t l\u00e0ng ngh\u1ec1 truy\u1ec1n th\u1ed1ng<\/p>\n","protected":false},"featured_media":1200,"comment_status":"open","ping_status":"closed","template":"","meta":[],"product_cat":[18,26],"product_tag":[],"_links":{"self":[{"href":"https:\/\/congtyphannguyen.com\/w\/gom\/wp-json\/wp\/v2\/product\/1199"}],"collection":[{"href":"https:\/\/congtyphannguyen.com\/w\/gom\/wp-json\/wp\/v2\/product"}],"about":[{"href":"https:\/\/congtyphannguyen.com\/w\/gom\/wp-json\/wp\/v2\/types\/product"}],"replies":[{"embeddable":true,"href":"https:\/\/congtyphannguyen.com\/w\/gom\/wp-json\/wp\/v2\/comments?post=1199"}],"wp:featuredmedia":[{"embeddable":true,"href":"https:\/\/congtyphannguyen.com\/w\/gom\/wp-json\/wp\/v2\/media\/1200"}],"wp:attachment":[{"href":"https:\/\/congtyphannguyen.com\/w\/gom\/wp-json\/wp\/v2\/media?parent=1199"}],"wp:term":[{"taxonomy":"product_cat","embeddable":true,"href":"https:\/\/congtyphannguyen.com\/w\/gom\/wp-json\/wp\/v2\/product_cat?post=1199"},{"taxonomy":"product_tag","embeddable":true,"href":"https:\/\/congtyphannguyen.com\/w\/gom\/wp-json\/wp\/v2\/product_tag?post=1199"}],"curies":[{"name":"wp","href":"https:\/\/api.w.org\/{rel}","templated":true}]}}