{"id":1222,"date":"2017-11-21T17:24:43","date_gmt":"2017-11-21T10:24:43","guid":{"rendered":"https:\/\/bizhostvn.com\/w\/gom\/?post_type=product&#038;p=1222"},"modified":"2017-11-21T17:25:48","modified_gmt":"2017-11-21T10:25:48","slug":"bat-dung-mam-ve-tung-hac","status":"publish","type":"product","link":"https:\/\/congtyphannguyen.com\/w\/gom\/product\/bat-dung-mam-ve-tung-hac\/","title":{"rendered":"B\u00e1t \u0111\u1ef1ng m\u1eafm v\u1ebd hoa v\u0103n T\u00f9ng H\u1ea1c"},"content":{"rendered":"<p>B\u00e1t m\u1eafm v\u1ebd T\u00f9ng H\u1ea1c\u00a0\u0111\u01b0\u1ee3c l\u00e0m t\u1eeb \u0111\u1ea5t s\u00e9t tr\u1eafng s\u01b0\u01a1ng trong, \u0111\u01b0\u1ee3c nung ch\u00edn nhi\u1ec7t \u0111\u1ed9 1300 \u0111\u1ed9 C b\u1ec1n m\u00e0u v\u1edbi th\u1eddi gian, d\u1ec5 lau ch\u00f9i.\u00a0B\u00e1t m\u1eafm v\u1ebd T\u00f9ng H\u1ea1c c\u00f3 ki\u1ec3u d\u00e1ng sang tr\u1ecdng, hi\u1ec7n \u0111\u1ea1i, hoa v\u0103n tinh t\u1ebf, b\u00ean ngo\u00e0i \u0111\u01b0\u1ee3c ph\u1ee7 m\u1ed9t l\u1edbp men \u0111\u1eb7c tr\u01b0ng c\u1ee7a b\u00e1t tr\u00e0ng m\u00e0 kh\u00f4ng n\u01a1i n\u00e0o c\u00f3. S\u1ea3n ph\u1ea9m \u0111\u01b0\u1ee3c nung \u1edf nhi\u1ec7t \u0111\u1ed9 1300 \u0111\u1ed9 C, kh\u1eed \u0111\u01b0\u1ee3c to\u00e0n b\u1ed9 t\u1ea1p ch\u1ea5t, kim lo\u1ea1i n\u1eb7ng v\u00e0 h\u00f3a ch\u1ea5t \u0111\u1ed9c h\u1ea1i \u0111\u1ea3m b\u1ea3o an to\u00e0n tuy\u1ec7t \u0111\u1ed1i cho s\u1ee9c kh\u1ecfe ng\u01b0\u1eddi s\u1eed d\u1ee5ng.\u00a0B\u00e1t m\u1eafm v\u1ebd T\u00f9ng H\u1ea1c s\u1eed d\u1ee5ng \u0111\u01b0\u1ee3c trong l\u00f2 vi s\u00f3ng.<\/p>\n<p>&nbsp;<\/p>\n<p><iframe loading=\"lazy\" src=\"https:\/\/www.youtube.com\/embed\/ANYu5KqpzaM\" width=\"560\" height=\"315\" frameborder=\"0\" data-mce-fragment=\"1\"><\/iframe><\/p>\n<table border=\"0\" align=\"center\">\n<tbody>\n<tr>\n<td colspan=\"3\"><strong>TH\u00d4NG TIN CHI TI\u1ebeT S\u1ea2N PH\u1ea8M<\/p>\n<p><\/strong><\/td>\n<\/tr>\n<tr>\n<td><strong>Ch\u1ea5t li\u1ec7u<\/strong><\/td>\n<td><strong>:<\/strong><\/td>\n<td><strong>S\u1ee9 cao c\u1ea5p B\u00e1t Tr\u00e0ng<\/p>\n<p><\/strong><\/td>\n<\/tr>\n<tr>\n<td><strong>Lo\u1ea1i men<\/strong><\/td>\n<td><strong>\u00a0:<\/strong><\/td>\n<td><strong>Men Tr\u1eafng<\/p>\n<p><\/strong><\/td>\n<\/tr>\n<tr>\n<td><strong>M\u00e0u men<\/strong><\/td>\n<td><strong>\u00a0:<\/strong><\/td>\n<td><strong>Tr\u1eafng<\/p>\n<p><\/strong><\/td>\n<\/tr>\n<tr>\n<td><strong>Hoa v\u0103n<\/strong><\/td>\n<td><strong>\u00a0:<\/strong><\/td>\n<td><strong>T\u00f9ng H\u1ea1c tr\u01b0\u1eddng th\u1ecd<\/p>\n<p><\/strong><\/td>\n<\/tr>\n<tr>\n<td><strong>M\u00e0u hoa v\u0103n<\/strong><\/td>\n<td><strong>\u00a0:<\/strong><\/td>\n<td>\u00a0<strong>Ch\u00e0m c\u1ed5<\/strong><\/td>\n<\/tr>\n<tr>\n<td><\/td>\n<td><strong>\u00a0<\/strong><\/td>\n<td><\/td>\n<\/tr>\n<tr>\n<td colspan=\"3\"><strong>QUY C\u00c1CH S\u1ea2N PH\u1ea8M<\/p>\n<p><\/strong><\/td>\n<\/tr>\n<tr>\n<td><strong>\u0110\u01b0\u1eddng k\u00ednh<\/strong><\/td>\n<td>\u00a0<strong>\u00a0:<\/strong><\/td>\n<td><strong>8,5 cm<\/strong><\/td>\n<\/tr>\n<tr>\n<td>\u00a0<strong>Cao<\/strong><\/td>\n<td>\u00a0<strong>\u00a0:<\/strong><\/td>\n<td><strong>4,5 cm<\/strong><\/td>\n<\/tr>\n<\/tbody>\n<\/table>\n","protected":false},"excerpt":{"rendered":"<p>B\u00e1t m\u1eafm v\u1ebd T\u00f9ng H\u1ea1c\u00a0\u0111\u01b0\u1ee3c l\u00e0m t\u1eeb \u0111\u1ea5t s\u00e9t tr\u1eafng s\u01b0\u01a1ng trong, \u0111\u01b0\u1ee3c nung ch\u00edn nhi\u1ec7t \u0111\u1ed9 1300 \u0111\u1ed9 C b\u1ec1n m\u00e0u v\u1edbi th\u1eddi gian, d\u1ec5 lau ch\u00f9i.\u00a0B\u00e1t m\u1eafm v\u1ebd T\u00f9ng H\u1ea1c c\u00f3 ki\u1ec3u d\u00e1ng sang tr\u1ecdng,<\/p>\n","protected":false},"featured_media":1223,"comment_status":"open","ping_status":"closed","template":"","meta":[],"product_cat":[19,42],"product_tag":[],"_links":{"self":[{"href":"https:\/\/congtyphannguyen.com\/w\/gom\/wp-json\/wp\/v2\/product\/1222"}],"collection":[{"href":"https:\/\/congtyphannguyen.com\/w\/gom\/wp-json\/wp\/v2\/product"}],"about":[{"href":"https:\/\/congtyphannguyen.com\/w\/gom\/wp-json\/wp\/v2\/types\/product"}],"replies":[{"embeddable":true,"href":"https:\/\/congtyphannguyen.com\/w\/gom\/wp-json\/wp\/v2\/comments?post=1222"}],"wp:featuredmedia":[{"embeddable":true,"href":"https:\/\/congtyphannguyen.com\/w\/gom\/wp-json\/wp\/v2\/media\/1223"}],"wp:attachment":[{"href":"https:\/\/congtyphannguyen.com\/w\/gom\/wp-json\/wp\/v2\/media?parent=1222"}],"wp:term":[{"taxonomy":"product_cat","embeddable":true,"href":"https:\/\/congtyphannguyen.com\/w\/gom\/wp-json\/wp\/v2\/product_cat?post=1222"},{"taxonomy":"product_tag","embeddable":true,"href":"https:\/\/congtyphannguyen.com\/w\/gom\/wp-json\/wp\/v2\/product_tag?post=1222"}],"curies":[{"name":"wp","href":"https:\/\/api.w.org\/{rel}","templated":true}]}}