{"id":1238,"date":"2017-11-21T17:36:49","date_gmt":"2017-11-21T10:36:49","guid":{"rendered":"https:\/\/bizhostvn.com\/w\/gom\/?post_type=product&#038;p=1238"},"modified":"2017-11-21T17:36:49","modified_gmt":"2017-11-21T10:36:49","slug":"bo-am-chen-men-kem-chop-tron-quai-dong","status":"publish","type":"product","link":"https:\/\/congtyphannguyen.com\/w\/gom\/product\/bo-am-chen-men-kem-chop-tron-quai-dong\/","title":{"rendered":"B\u1ed9 \u1ea5m ch\u00e9n men kem ch\u00f3p tr\u00f2n Quai \u0111\u1ed3ng"},"content":{"rendered":"<p>B\u1ed9 \u1ea5m ch\u00e9n men kem \u0111\u01b0\u1ee3c s\u1ea3n xu\u1ea5t t\u1ea1i B\u00e1t Tr\u00e0ng v\u1edbi ch\u1ea5t li\u1ec7u g\u1ed1m s\u1ee9 cao c\u1ea5p c\u1ee7a B\u00e1t Tr\u00e0ng. <strong>B\u1ed9 \u1ea5m ch\u00e9n men kem<\/strong> \u0111\u01b0\u1ee3c \u0111\u1ed1t trong l\u00f2 v\u1edbi nhi\u1ec7t \u0111\u1ed9 1300 \u0111\u1ed9 C, n\u00ean c\u00e1c ch\u1ea5t \u0111\u1ed9c h\u1ea1i \u0111\u01b0\u1ee3c kh\u1eed h\u1ebft \u0111\u1ea3m b\u1ea3o s\u1ee9c kh\u1ecfe cho ng\u01b0\u1eddi s\u1eed d\u1ee5ng. M\u00e0u men kh\u00f4ng phai, kh\u00f4ng ng\u1ea3 m\u00e0u. Hoa v\u0103n tr\u00ean s\u1ea3n ph\u1ea9m, kh\u00f4ng b\u1ecb tr\u1ea7y, kh\u00f4ng b\u1ecb tr\u00f3c, b\u1ec1n \u0111\u1eb9p theo th\u1eddi gian, kh\u00f3 b\u1ec3 m\u1ebb khi va ch\u1ea1m.<\/p>\n<p>M\u00e0u men kem h\u1ebft h\u1ee3p v\u1edbi h\u1ecda ti\u1ebft hoa \u0111\u00e0o t\u1ea1o n\u00ean n\u00e9t ri\u00eang v\u00e0 \u0111\u1ed9c \u0111\u00e1o c\u1ee7a d\u00f2ng s\u1ea3n ph\u1ea9m \u1ea5m ch\u00e9n men kem cao c\u1ea5p B\u00e1t Tr\u00e0ng. V\u1edbi h\u1ecda ti\u1ebft v\u1ebd tay \u0111em l\u1ea1i v\u1ebb \u0111\u1eb9p t\u1ef1 nhi\u00ean v\u00e0 tinh t\u1ebf khi pha tr\u00e0 v\u00e0o ch\u00e9n ta s\u1ebd th\u1ea5y \u0111\u01b0\u1ee3c s\u1ef1 k\u1ebft h\u1ee3p r\u1ea5t \u0103n \u00fd gi\u1eefa m\u00e0u men kem c\u1ee7a b\u1ed9 \u1ea5m ch\u00e9n v\u00e0 m\u00e0u xanh c\u1ee7a tr\u00e0. Khi s\u1eed d\u1ee5ng b\u1ea1n s\u1ebd th\u1ea5y h\u1ebft \u01b0u \u0111i\u1ec3m c\u1ee7a d\u00f2ng s\u1ea3n ph\u1ea9m cao c\u1ea5p n\u00e0y: d\u1ec5 d\u00e0ng ch\u00f9i r\u1eeda, kh\u00f4ng b\u00e1m n\u01b0\u1edbc ch\u00e8, h\u1ecda ti\u1ebft \u0111\u1ed3ng \u0111i\u1ec7u t\u1eeb \u1ea5m, ch\u00e9n \u0111\u1ebfn ph\u1ee5 ki\u1ec7n.<\/p>\n<p>Kh\u00e1c v\u1edbi c\u00e1c lo\u1ea1i men lam, men ng\u1ecdc v\u00e0 men r\u1ea1n th\u00ec men kem \u0111\u1ed9c \u0111\u00e1o h\u01a1n c\u1ea3. B\u1ed9 \u1ea5m ch\u00e9n men kem v\u1edbi ki\u1ec3u d\u00e1ng m\u1edbi l\u1ea1 v\u00e0 l\u1edbp men kem \u0111\u1ed9c \u0111\u00e1o t\u1ea1o l\u00ean s\u1ef1 n\u1ed5i b\u1eadt cho b\u1ed9 \u1ea5m ch\u00e9n.<\/p>\n<p>B\u1ed9 \u1ea5m ch\u00e9n men kem g\u1ed3m: 1 \u1ea5m 6 ch\u00e9n v\u00e0 7 \u0111\u0129a k\u00ea, 1 b\u00ecnh \u0111\u1ef1ng tr\u00e0, 1 g\u1ea1t t\u00e0n thu\u1ed1c l\u00e1, 1 b\u00ecnh tr\u00e1ng tr\u00e0, 1\u00a0\u1ed1ng\u00a0\u0111\u1ef1ng t\u0103m<\/p>\n<p><strong>LI\u00caN H\u1ec6 \u0110\u1eb6T H\u00c0NG:\u00a0 Mr H\u00f2a : \u00a0 &#8211; 0906 193 198<\/strong><strong> &#8211; 0901 500 333<\/strong><\/p>\n","protected":false},"excerpt":{"rendered":"<p>B\u1ed9 \u1ea5m ch\u00e9n men kem \u0111\u01b0\u1ee3c s\u1ea3n xu\u1ea5t t\u1ea1i B\u00e1t Tr\u00e0ng v\u1edbi ch\u1ea5t li\u1ec7u g\u1ed1m s\u1ee9 cao c\u1ea5p c\u1ee7a B\u00e1t Tr\u00e0ng. <strong>B\u1ed9 \u1ea5m ch\u00e9n men kem<\/strong> \u0111\u01b0\u1ee3c \u0111\u1ed1t trong l\u00f2 v\u1edbi nhi\u1ec7t \u0111\u1ed9 1300 \u0111\u1ed9 C, n\u00ean c\u00e1c ch\u1ea5t \u0111\u1ed9c h\u1ea1i \u0111\u01b0\u1ee3c kh\u1eed h\u1ebft \u0111\u1ea3m b\u1ea3o s\u1ee9c kh\u1ecfe cho ng\u01b0\u1eddi s\u1eed d\u1ee5ng. M\u00e0u men kh\u00f4ng phai, kh\u00f4ng ng\u1ea3 m\u00e0u. Hoa v\u0103n tr\u00ean s\u1ea3n ph\u1ea9m, kh\u00f4ng b\u1ecb tr\u1ea7y, kh\u00f4ng b\u1ecb tr\u00f3c, b\u1ec1n \u0111\u1eb9p theo th\u1eddi gian, kh\u00f3 b\u1ec3 m\u1ebb khi va ch\u1ea1m.<\/p>\n","protected":false},"featured_media":1239,"comment_status":"open","ping_status":"closed","template":"","meta":[],"product_cat":[18,23],"product_tag":[],"_links":{"self":[{"href":"https:\/\/congtyphannguyen.com\/w\/gom\/wp-json\/wp\/v2\/product\/1238"}],"collection":[{"href":"https:\/\/congtyphannguyen.com\/w\/gom\/wp-json\/wp\/v2\/product"}],"about":[{"href":"https:\/\/congtyphannguyen.com\/w\/gom\/wp-json\/wp\/v2\/types\/product"}],"replies":[{"embeddable":true,"href":"https:\/\/congtyphannguyen.com\/w\/gom\/wp-json\/wp\/v2\/comments?post=1238"}],"wp:featuredmedia":[{"embeddable":true,"href":"https:\/\/congtyphannguyen.com\/w\/gom\/wp-json\/wp\/v2\/media\/1239"}],"wp:attachment":[{"href":"https:\/\/congtyphannguyen.com\/w\/gom\/wp-json\/wp\/v2\/media?parent=1238"}],"wp:term":[{"taxonomy":"product_cat","embeddable":true,"href":"https:\/\/congtyphannguyen.com\/w\/gom\/wp-json\/wp\/v2\/product_cat?post=1238"},{"taxonomy":"product_tag","embeddable":true,"href":"https:\/\/congtyphannguyen.com\/w\/gom\/wp-json\/wp\/v2\/product_tag?post=1238"}],"curies":[{"name":"wp","href":"https:\/\/api.w.org\/{rel}","templated":true}]}}