{"id":375,"date":"2017-10-19T01:38:42","date_gmt":"2017-10-18T18:38:42","guid":{"rendered":"https:\/\/bizhostvn.com\/w\/gom\/?post_type=product&#038;p=375"},"modified":"2017-11-21T16:19:57","modified_gmt":"2017-11-21T09:19:57","slug":"bo-do-an-men-kem-bat-trang-ve-hoa-hong-2","status":"publish","type":"product","link":"https:\/\/congtyphannguyen.com\/w\/gom\/product\/bo-do-an-men-kem-bat-trang-ve-hoa-hong-2\/","title":{"rendered":"B\u1ed9 \u0111\u1ed3 \u0103n men kem B\u00e1t Tr\u00e0ng v\u1ebd hoa h\u1ed3ng"},"content":{"rendered":"<p>B\u1ed9 \u0111\u1ed3 \u0103n men kem B\u00e1t Tr\u00e0ng v\u1ebd hoa h\u1ed3ng \u0111\u01b0\u1ee3c l\u00e0m t\u1eeb \u0111\u1ea5t s\u00e9t cao c\u1ea5p c\u1ee7a \u00a0B\u00e1t Tr\u00e0ng. B\u00ean ngo\u00e0i \u0111\u01b0\u1ee3c ph\u1ee7 1 l\u1edbp men kem s\u00e1ng, m\u1ecbn, b\u00f3ng, c\u00f3 \u0111\u1ed9 th\u1ea5u quang cao, \u00a0h\u1ecda ti\u1ebft b\u00f4ng hoa h\u1ed3ng \u0111\u01b0\u1ee3c v\u1ebb th\u1ee7 c\u00f4ng ho\u00e0n to\u00e0n, n\u00e9t v\u1ebd m\u1ec1m m\u1ea1i, tinh t\u1ebf, b\u1eaft m\u1eaft, k\u1ebft h\u1ee3p v\u1edbi n\u01b0\u1edbc men kem s\u00e1ng b\u00f3ng r\u1ea5t ph\u00f9 h\u1ee3p v\u1edbi kh\u00f4ng gian b\u1ebfp c\u1ee7a gia \u0111\u00ecnh b\u1ea1n.<\/p>\n<p><img class=\"aligncenter\" src=\"http:\/\/chogombattrang.vn\/upload\/user\/hieunt\/\/news\/bo-do-an-men-kem-bat-trang-ve-hoa-hongda-016.jpg\" alt=\"\" \/><\/p>\n<p>V\u1edbi h\u1ecda ti\u1ebft hoa v\u0103n \u0111\u01a1n gi\u1ea3n nh\u01b0ng kh\u00f4ng k\u00e9m ph\u1ea7n tinh t\u1ebf, m\u00e0u s\u1eafc h\u00e0i h\u00f2a nh\u1eb9 nh\u00e0ng, m\u00e0u men kem s\u00e1ng b\u00f3ng d\u1ec5 d\u00e0ng lau ch\u00f9i ti\u1ebft ki\u1ec7m th\u1eddi gian v\u00e0 c\u00f4ng s\u1ee9c cho ng\u01b0\u1eddi s\u1eed d\u1ee5ng.<\/p>\n<p><strong>Ch\u1ea5t l\u01b0\u1ee3ng v\u01b0\u1ee3t tr\u1ed9i<\/strong><\/p>\n<p>B\u1ed9 \u0111\u1ed3 \u0103n men kem B\u00e1t Tr\u00e0ng v\u1ebd hoa h\u1ed3ng \u0111\u01b0\u1ee3c nung \u1edf 1200 \u0111\u1ed9 C n\u00ean s\u1ea3n ph\u1ea9m c\u1ee9ng ch\u1eafc, h\u1ea1n ch\u1ebf tr\u1ea7y x\u01b0\u1edbc t\u1ed1i \u0111a. M\u00e0u men kem, kh\u00f4ng phai, kh\u00f4ng ng\u1ea3 m\u00e0u.<\/p>\n<p>Hoa v\u0103n ch\u00ecm tr\u1ef1c ti\u1ebfp tr\u00ean s\u1ea3n ph\u1ea9m, kh\u00f4ng b\u1ecb tr\u1ea7y, kh\u00f4ng b\u1ecb tr\u00f3c, b\u1ec1n \u0111\u1eb9p theo th\u1eddi gian. s\u1ea3n ph\u1ea9m c\u00f3 th\u1ec3 s\u1eed d\u1ee5ng trong l\u00f2 vi s\u00f3ng, h\u01a1n n\u1eefa \u0111\u01b0\u1ee3c nung \u1edf nhi\u1ec7t \u0111\u1ed9 cao n\u00ean s\u1ea3n ph\u1ea9m b\u1ed9 \u0111\u1ed3 \u0103n s\u1ee9 B\u00e1t Tr\u00e0ng kh\u1eed h\u1ebft c\u00e1c t\u1ea1p ch\u1ea5t nh\u01b0: ch\u00ec, Cadimi, ch\u00ec, mangan, thu\u1ef7 ng\u00e2n..\u2026 n\u00ean \u0111\u1ea3m b\u1ea3o an to\u00e0n cho s\u1ee9c kh\u1ecfe c\u1ee7a b\u1ea1n c\u0169ng nh\u01b0 nh\u1eefng ng\u01b0\u1eddi th\u00e2n trong gia \u0111\u00ecnh.<\/p>\n<p>S\u1ea3n ph\u1ea9m c\u00f3 \u0111\u1ea7y \u0111\u1ee7 c\u00e1c v\u1eadt d\u1ee5ng c\u1ea7n thi\u1ebft t\u1eeb b\u00e1t m\u1eafm, \u0111\u0129a mu\u1ed1i, b\u00e1t c\u01a1m, b\u00e1t t\u00f4, \u0111\u1ebfn \u0111\u0129a tr\u00f2n, \u0111\u0129a b\u1ea7u d\u1ee5c\u2026vv\u2026<\/p>\n<p>B\u1ed9 \u0111\u1ed3 \u0103n g\u1ed3m c\u00f3:<\/p>\n<p>10 b\u00e1t \u0103n c\u01a1m: \u0111\u01b0\u1eddng k\u00ednh 11cm<\/p>\n<p>4 \u0111\u0129a tr\u00f2n: \u0111\u01b0\u1eddng k\u00ednh: 14cm, 16cm, 18cm, 20cm<\/p>\n<p>2 \u0111\u0129a b\u1ea7u d\u1ee5c d\u00e0i 25cm<\/p>\n<p>1 \u00e2u c\u01a1m d\u00e1ng tr\u00f2n: \u0111\u01b0\u1eddng k\u00ednh 17cm<\/p>\n<p>3 b\u00e1t t\u00f4: \u0111\u01b0\u1eddng k\u00ednh 14cm, 16cm, 18cm<\/p>\n<p>1 b\u00e1t m\u1eafm: \u0111\u01b0\u1eddng k\u00ednh 8.5cm<\/p>\n","protected":false},"excerpt":{"rendered":"<p>B\u1ed9 \u0111\u1ed3 \u0103n men kem B\u00e1t Tr\u00e0ng v\u1ebd hoa h\u1ed3ng \u0111\u01b0\u1ee3c nung \u1edf 1200 \u0111\u1ed9 C n\u00ean s\u1ea3n ph\u1ea9m c\u1ee9ng ch\u1eafc, h\u1ea1n ch\u1ebf tr\u1ea7y x\u01b0\u1edbc t\u1ed1i \u0111a. M\u00e0u men kem, kh\u00f4ng phai, kh\u00f4ng ng\u1ea3 m\u00e0u.<\/p>\n","protected":false},"featured_media":1125,"comment_status":"open","ping_status":"closed","template":"","meta":[],"product_cat":[19,35],"product_tag":[],"_links":{"self":[{"href":"https:\/\/congtyphannguyen.com\/w\/gom\/wp-json\/wp\/v2\/product\/375"}],"collection":[{"href":"https:\/\/congtyphannguyen.com\/w\/gom\/wp-json\/wp\/v2\/product"}],"about":[{"href":"https:\/\/congtyphannguyen.com\/w\/gom\/wp-json\/wp\/v2\/types\/product"}],"replies":[{"embeddable":true,"href":"https:\/\/congtyphannguyen.com\/w\/gom\/wp-json\/wp\/v2\/comments?post=375"}],"wp:featuredmedia":[{"embeddable":true,"href":"https:\/\/congtyphannguyen.com\/w\/gom\/wp-json\/wp\/v2\/media\/1125"}],"wp:attachment":[{"href":"https:\/\/congtyphannguyen.com\/w\/gom\/wp-json\/wp\/v2\/media?parent=375"}],"wp:term":[{"taxonomy":"product_cat","embeddable":true,"href":"https:\/\/congtyphannguyen.com\/w\/gom\/wp-json\/wp\/v2\/product_cat?post=375"},{"taxonomy":"product_tag","embeddable":true,"href":"https:\/\/congtyphannguyen.com\/w\/gom\/wp-json\/wp\/v2\/product_tag?post=375"}],"curies":[{"name":"wp","href":"https:\/\/api.w.org\/{rel}","templated":true}]}}