{"id":383,"date":"2017-10-19T01:43:16","date_gmt":"2017-10-18T18:43:16","guid":{"rendered":"https:\/\/bizhostvn.com\/w\/gom\/?post_type=product&#038;p=383"},"modified":"2017-11-21T16:17:43","modified_gmt":"2017-11-21T09:17:43","slug":"bo-do-an-men-kem-bat-trang-ve-hoa-sen-xanh","status":"publish","type":"product","link":"https:\/\/congtyphannguyen.com\/w\/gom\/product\/bo-do-an-men-kem-bat-trang-ve-hoa-sen-xanh\/","title":{"rendered":"B\u1ed9 \u0111\u1ed3 \u0103n men kem B\u00e1t Tr\u00e0ng v\u1ebd hoa Sen xanh 39 m\u00f3n"},"content":{"rendered":"<p>B\u1ed9 \u0111\u1ed3 \u0103n men kem B\u00e1t Tr\u00e0ng v\u1ebd hoa sen xanh \u0111\u01b0\u1ee3c l\u00e0m t\u1eeb \u0111\u1ea5t s\u00e9t cao c\u1ea5p c\u1ee7a \u00a0B\u00e1t Tr\u00e0ng. B\u00ean ngo\u00e0i \u0111\u01b0\u1ee3c ph\u1ee7 1 l\u1edbp men kem s\u00e1ng, m\u1ecbn, b\u00f3ng, c\u00f3 \u0111\u1ed9 th\u1ea5u quang cao, \u00a0h\u1ecda ti\u1ebft hoa sen \u0111\u01b0\u1ee3c v\u1ebb th\u1ee7 c\u00f4ng ho\u00e0n to\u00e0n, n\u00e9t v\u1ebd m\u1ec1m m\u1ea1i, tinh t\u1ebf, b\u1eaft m\u1eaft, k\u1ebft h\u1ee3p v\u1edbi n\u01b0\u1edbc men kem s\u00e1ng b\u00f3ng r\u1ea5t ph\u00f9 h\u1ee3p v\u1edbi kh\u00f4ng gian b\u1ebfp c\u1ee7a gia \u0111\u00ecnh b\u1ea1n.<\/p>\n","protected":false},"excerpt":{"rendered":"<p>B\u00ean ngo\u00e0i \u0111\u01b0\u1ee3c ph\u1ee7 1 l\u1edbp men kem s\u00e1ng, m\u1ecbn, b\u00f3ng, c\u00f3 \u0111\u1ed9 th\u1ea5u quang cao, \u00a0h\u1ecda ti\u1ebft hoa sen \u0111\u01b0\u1ee3c v\u1ebb th\u1ee7 c\u00f4ng ho\u00e0n to\u00e0n, n\u00e9t v\u1ebd m\u1ec1m m\u1ea1i, tinh t\u1ebf, b\u1eaft m\u1eaft, k\u1ebft h\u1ee3p v\u1edbi n\u01b0\u1edbc men kem s\u00e1ng b\u00f3ng r\u1ea5t ph\u00f9 h\u1ee3p v\u1edbi kh\u00f4ng gian b\u1ebfp c\u1ee7a gia \u0111\u00ecnh b\u1ea1n.<\/p>\n","protected":false},"featured_media":1124,"comment_status":"open","ping_status":"closed","template":"","meta":[],"product_cat":[19,35],"product_tag":[],"_links":{"self":[{"href":"https:\/\/congtyphannguyen.com\/w\/gom\/wp-json\/wp\/v2\/product\/383"}],"collection":[{"href":"https:\/\/congtyphannguyen.com\/w\/gom\/wp-json\/wp\/v2\/product"}],"about":[{"href":"https:\/\/congtyphannguyen.com\/w\/gom\/wp-json\/wp\/v2\/types\/product"}],"replies":[{"embeddable":true,"href":"https:\/\/congtyphannguyen.com\/w\/gom\/wp-json\/wp\/v2\/comments?post=383"}],"wp:featuredmedia":[{"embeddable":true,"href":"https:\/\/congtyphannguyen.com\/w\/gom\/wp-json\/wp\/v2\/media\/1124"}],"wp:attachment":[{"href":"https:\/\/congtyphannguyen.com\/w\/gom\/wp-json\/wp\/v2\/media?parent=383"}],"wp:term":[{"taxonomy":"product_cat","embeddable":true,"href":"https:\/\/congtyphannguyen.com\/w\/gom\/wp-json\/wp\/v2\/product_cat?post=383"},{"taxonomy":"product_tag","embeddable":true,"href":"https:\/\/congtyphannguyen.com\/w\/gom\/wp-json\/wp\/v2\/product_tag?post=383"}],"curies":[{"name":"wp","href":"https:\/\/api.w.org\/{rel}","templated":true}]}}