{"id":1083,"date":"2017-10-06T10:58:10","date_gmt":"2017-10-06T03:58:10","guid":{"rendered":"https:\/\/bizhostvn.com\/w\/mevabe\/?post_type=product&#038;p=1083"},"modified":"2017-10-11T10:21:11","modified_gmt":"2017-10-11T03:21:11","slug":"thuoc-tam-daospa-mama","status":"publish","type":"product","link":"https:\/\/congtyphannguyen.com\/w\/mevabe\/sanpham\/thuoc-tam-daospa-mama\/","title":{"rendered":"Thu\u1ed1c t\u1eafm Dao&#8217;Spa Mama"},"content":{"rendered":"<h2><strong>Sau khi sinh vi\u1ec7c v\u1ec7 sinh c\u01a1 th\u1ec3 cho m\u1eb9 l\u00e0 m\u1ed9t vi\u1ec7c l\u00e0m quan tr\u1ecdng v\u00e0 c\u1ea7n thi\u1ebft.<\/strong><\/h2>\n<ul>\n<li>Gi\u1edd \u0111\u00e2y b\u1ea1n kh\u00f4ng ph\u1ea3i t\u00ecm c\u00e1c lo\u1ea1i thu\u1ed1c d\u00e2n gian hi\u1ebfm n\u1eefa m\u00e0 thay v\u00e0o \u0111\u00f3 l\u00e0 lo\u1ea1i thu\u1ed1c t\u1eafm r\u1ea5t hi\u1ec7u qu\u1ea3 v\u00e0 an to\u00e0n cho c\u00e1c m\u1eb9 sau khi sinh<\/li>\n<li>V\u1edbi Dao&#8217;spa Mama, c\u00e1c b\u00e0 m\u1eb9 tr\u1ebb ho\u00e0n to\u00e0n y\u00ean t\u00e2m l\u00e0 m\u00ecnh \u0111\u01b0\u1ee3c t\u1eafm m\u1ed9t c\u00e1ch khoa h\u1ecdc, nhanh ch\u00f3ng h\u1ed3i ph\u1ee5c s\u1ee9c kh\u1ecfe th\u1ec3 ch\u1ea5t v\u00e0 tinh th\u1ea7n \u0111\u1ec3 ch\u0103m s\u00f3c cho con y\u00eau.<\/li>\n<li>\u0110\u00e2y l\u00e0 s\u1ea3n ph\u1ea9m t\u1eafm d\u01b0\u1ee3c th\u1ea3o t\u1eeb ngu\u1ed3n c\u00e2y thu\u1ed1c qu\u00fd c\u1ee7a Sapa, \u0111\u01b0\u1ee3c nghi\u00ean c\u1ee9u ph\u00e1t tri\u1ec3n m\u1ed9t c\u00e1ch h\u1ec7 th\u1ed1ng v\u00e0 khoa h\u1ecdc trong g\u1ea7n 10 n\u0103m b\u1edfi c\u00e1c nh\u00e0 Th\u1ef1c v\u1eadt h\u1ecdc Tr\u01b0\u1eddng \u0110\u1ea1i h\u1ecdc D\u01b0\u1ee3c H\u00e0 N\u1ed9i.<\/li>\n<li><strong>Dao\u2019spa Mama<\/strong> l\u00e0 s\u1ea3n ph\u1ea9m t\u1eafm cho ph\u1ee5 n\u1eef sau sinh \u0111\u01b0\u1ee3c nghi\u00ean c\u1ee9u v\u00e0 ph\u00e1t tri\u1ec3n b\u1edfi Tr\u01b0\u1eddng \u0110\u1ea1i h\u1ecdc D\u01b0\u1ee3c.<\/li>\n<li>Duy nh\u1ea5t Dao\u2019spa Mama l\u00e0 s\u1ea3n ph\u1ea9m t\u1eafm cho ph\u1ee5 n\u1eef sau sinh \u0111\u01b0\u1ee3c ki\u1ec3m ch\u1ee9ng khoa h\u1ecdc v\u1ec1 t\u00e1c d\u1ee5ng v\u00e0 \u0111\u1ed9 an to\u00e0n khi s\u1eed d\u1ee5ng.<\/li>\n<li>\u0110\u01b0\u1ee3c \u0111\u0103ng t\u1ea3i tr\u00ean h\u1ec7 th\u1ed1ng truy\u1ec1n th\u00f4ng.<\/li>\n<\/ul>\n<p>&nbsp;<\/p>\n<h3><strong>Th\u00e0nh ph\u1ea7n t\u1ea1o n\u00ean thu\u1ed1c t\u1eafm Dao SPA MAMA<\/strong><\/h3>\n<p><strong><img class=\"aligncenter\" src=\"https:\/\/www.kidsplaza.vn\/media\/product\/5319_0_thuoc_tam_dao_spa_mama.jpg\" alt=\"\" width=\"500\" \/><\/strong><\/p>\n<ul>\n<li>Aromatherapy (H\u01b0\u01a1ng tr\u1ecb li\u1ec7u): l\u00e0 c\u01a1 ch\u1ebf tr\u1ecb li\u1ec7u b\u1eb1ng h\u01b0\u01a1ng th\u01a1m tinh d\u1ea7u.<\/li>\n<\/ul>\n<p>+ C\u00f4ng th\u1ee9c tinh d\u1ea7u \u0111\u1eb7c bi\u1ec7t v\u1edbi th\u00e0nh ph\u1ea7n ch\u00ednh l\u00e0 tinh d\u1ea7u O\u1ea3i h\u01b0\u01a1ng v\u00e0 c\u00e1c tinh d\u1ea7u kh\u00e1c c\u00f3 s\u1eb5n trong b\u00e0i thu\u1ed1c t\u1eafm.<\/p>\n<p>+ \u0110\u01b0\u1ee3c thi\u1ebft k\u1ebf v\u1edbi 3 t\u1ea7ng h\u01b0\u01a1ng gi\u1ea3i ph\u00f3ng d\u1ea7n d\u1ea7n tr\u01b0\u1edbc, trong v\u00e0 l\u01b0u tr\u00ean da sau khi t\u1eafm.<\/p>\n<p>+ Tinh d\u1ea7u t\u00e1c \u0111\u1ed9ng l\u00ean n\u00e3o qua c\u01a1 quan th\u1ee5 c\u1ea3m \u1edf khoang m\u0169i, m\u1ed9t ph\u1ea7n \u0111\u01b0\u1ee3c h\u1ea5p thu qua da v\u00e0 \u0111\u01b0\u1eddng h\u00f4 h\u1ea5p.<\/p>\n<p>+ Li\u1ec7u ph\u00e1p n\u00e0y gi\u00fap c\u01a1 th\u1ec3 th\u01b0 gi\u00e3n, gi\u1ea3m c\u0103ng th\u1eb3ng, gi\u1ea3m stress, \u0111em l\u1ea1i s\u1ef1 c\u00e2n b\u1eb1ng v\u1ec1 t\u00e2m th\u00e1i v\u00e0 gi\u00fap gi\u1ea3i ph\u00f3ng t\u1eadn c\u00f9ng c\u00e1c ch\u1ea5t th\u1ea3i, ch\u1ea5t \u0111\u1ed9c qua da.<\/p>\n<p>+ Theo Y v\u0103n c\u1ed5 Ch\u00e2u \u00c2u, tinh d\u1ea7u O\u1ea3i h\u01b0\u01a1ng gi\u00fap c\u00e2n b\u1eb1ng c\u1ea3m x\u00fac, l\u00e0m d\u1ecbu th\u1ea7n kinh, gi\u1ea3m \u0111au, t\u0103ng l\u01b0u th\u00f4ng m\u00e1u, h\u1ed3i ph\u1ee5c s\u1ee9c kh\u1ecfe v\u00e0 kh\u1eed m\u00f9i.<\/p>\n<ul>\n<li>Hydrotherapy (Th\u1ee7y tr\u1ecb li\u1ec7u): l\u00e0 c\u01a1 ch\u1ebf tr\u1ecb li\u1ec7u b\u1eb1ng n\u01b0\u1edbc.<\/li>\n<\/ul>\n<p>+ Nhi\u1ec7t \u0111\u1ed9 n\u01b0\u1edbc lu\u00f4n duy tr\u00ec \u1edf 37-420C gi\u00fap l\u00e0m s\u1ea1ch l\u1ed7 ch\u00e2n l\u00f4ng, t\u0103ng tu\u1ea7n ho\u00e0n d\u01b0\u1edbi da, t\u1ea1o \u0111i\u1ec1u ki\u1ec7n t\u1ed1i \u01b0u \u0111\u1ec3 d\u01b0\u1ee3c ch\u1ea5t &amp; tinh d\u1ea7u th\u1ea5m nhanh qua da v\u00e0o c\u01a1 th\u1ec3 v\u00e0 ph\u00e1t huy t\u00e1c d\u1ee5ng.<\/p>\n<ul>\n<li>Pharmacotherapy (D\u01b0\u1ee3c l\u00fd tr\u1ecb li\u1ec7u): l\u00e0 c\u01a1 ch\u1ebf tr\u1ecb li\u1ec7u b\u1eb1ng c\u00e1c d\u01b0\u1ee3c ch\u1ea5t trong c\u00e2y thu\u1ed1c.<\/li>\n<\/ul>\n<p>+ Dao\u2019spa Mama s\u1eed d\u1ee5ng c\u00f4ng th\u1ee9c \u0111\u00e3 \u0111\u01b0\u1ee3c c\u00e1c nh\u00e0 khoa h\u1ecdc Tr\u01b0\u1eddng \u0110\u1ea1i h\u1ecdc D\u01b0\u1ee3c H\u00e0 N\u1ed9i s\u00e0ng l\u1ecdc v\u00e0 nghi\u00ean c\u1ee9u k\u1ef9 l\u01b0\u1ee1ng.<\/p>\n<p>+ Theo c\u00e1c nghi\u00ean c\u1ee9u, th\u00e0nh ph\u1ea7n c\u1ee7a c\u00e2y thu\u1ed1c th\u1ea5m qua da l\u00e0m gi\u1ea3m c\u00e1c c\u01a1n \u0111au nh\u1ee9c th\u01b0\u1eddng g\u1eb7p sau khi sinh, h\u1ed7 tr\u1ee3 ho\u1ea1t \u0111\u1ed9ng c\u1ee7a h\u1ec7 tim m\u1ea1ch, ph\u00f2ng ch\u1ed1ng c\u00e1c ch\u1ee9ng b\u1ec7nh s\u1ea3n h\u1eadu, \u00a0 \u00a0 \u00a0 \u00a0 \u00a0 \u00a0 \u00a0 \u00a0 \u00a0 \u00a0 \u00a0gi\u00fap \u0111i\u1ec1u h\u00f2a trao \u0111\u1ed5i ch\u1ea5t v\u00e0 t\u0103ng c\u01b0\u1eddng sinh l\u1ef1c.<\/p>\n<p>+ \u0110\u1eb7c bi\u1ec7t, tinh ch\u1ea5t Hoa \u0110\u00e0o Sapa c\u00f3 trong Dao\u2019spa Mama gi\u00fap h\u1ea1n ch\u1ebf h\u00ecnh th\u00e0nh c\u00e1c v\u1ebft th\u00e2m n\u00e1m, nu\u00f4i d\u01b0\u1ee1ng v\u00e0 l\u1ea5y l\u1ea1i s\u1ee9c s\u1ed1ng cho l\u00e0n da; l\u00e0m da m\u1ecbn \u0111\u1eb9p, h\u1ed3ng nhu\u1eadn t\u1ef1 nhi\u00ean.<\/p>\n<p><strong>T\u00e1c d\u1ee5ng c\u1ee7a Dao\u2019spa Mama<\/strong><\/p>\n<ul>\n<li>T\u0103ng c\u01b0\u1eddng sinh l\u1ef1c, ph\u1ee5c h\u1ed3i s\u1ee9c kh\u1ecfe cho ph\u1ee5 n\u1eef sau sinh.<\/li>\n<li>Ph\u00f2ng ch\u1ed1ng c\u00e1c ch\u1ee9ng b\u1ec7nh h\u1eadu s\u1ea3n.<\/li>\n<li>T\u0103ng c\u01b0\u1eddng th\u1ea3i \u0111\u1ed9c qua da khi t\u1eafm, co l\u1ed7 ch\u00e2n l\u00f4ng, h\u1ea1n ch\u1ebf c\u00e1c t\u00e1c nh\u00e2n c\u00f3 h\u1ea1i x\u00e2m nh\u1eadp v\u00e0o c\u01a1 th\u1ec3.<\/li>\n<li>Gi\u1ea3m \u0111au m\u1ecfi, ch\u1ed1ng stress, t\u1ea1o gi\u1ea5c ng\u1ee7 s\u00e2u, l\u1ea5y l\u1ea1i c\u00e2n b\u1eb1ng v\u1ec1 c\u1ea3m x\u00fac.<\/li>\n<li>H\u1ed7 tr\u1ee3 \u0111i\u1ec1u tr\u1ecb v\u00e0 ng\u0103n ng\u1eeba c\u00e1c b\u1ec7nh ch\u1ee9ng: phong th\u1ea5p, nh\u1ee9c m\u1ecfi, \u0111au \u0111\u1ea7u, c\u1ea3m c\u00fam\u2026<\/li>\n<\/ul>\n<p><strong>H\u01b0\u1edbng d\u1eabn s\u1eed d\u1ee5ng<\/strong><\/p>\n<p><strong>1. C\u00e1ch t\u1eafm<\/strong><\/p>\n<ul>\n<li><strong>X\u00f4ng h\u01a1i, t\u1eafm d\u1ed9i<\/strong><\/li>\n<\/ul>\n<p>+ Chu\u1ea9n b\u1ecb ch\u1eadu nh\u1ecf n\u01b0\u1edbc s\u00f4i (5-10 lit) ; l\u1eafc \u0111\u1ec1u, pha 1 l\u1ecd n\u01b0\u1edbc t\u1eafm Dao\u2019spa v\u00e0o ch\u1eadu, khu\u1ea5y \u0111\u1ec1u; x\u00f4ng h\u01a1i k\u0129 trong 10-15 ph\u00fat.<\/p>\n<p><img class=\"aligncenter\" src=\"https:\/\/www.kidsplaza.vn\/media\/product\/5319_0_thuoc_tam1.jpg\" alt=\"\" \/><\/p>\n<p>+ \u0110\u1ed5 ch\u1eadu n\u01b0\u1edbc x\u00f4ng ra ch\u1eadu l\u1edbn, pha lo\u00e3ng v\u1edbi n\u01b0\u1edbc \u0111\u1ec3 \u0111\u01b0\u1ee3c \u0111\u1ed9 n\u00f3ng v\u1eeba ph\u1ea3i, th\u1ec3 t\u00edch kho\u1ea3ng 20-30 lit ; cho\u00e0ng kh\u0103n t\u1eafm quanh ng\u01b0\u1eddi, d\u1ed9i n\u01b0\u1edbc t\u1eafm v\u1eeba pha t\u1eeb t\u1eeb \u0111\u1ec3 th\u1ea5m \u0111\u1ec1u v\u00e0o kh\u0103n(ho\u1eb7c l\u1ea5y kh\u0103n th\u1ea5m n\u01b0\u1edbc t\u1eafm lau \u0111\u1ec1u kh\u00e1p ng\u01b0\u1eddi), \u0111i\u1ec1u ch\u1ec9nh \u0111\u1ec3 th\u1eddi gian t\u1eafm giai \u0111o\u1ea1n n\u00e0y \u0111\u01b0\u1ee3c 5-10 ph\u00fat).<\/p>\n<p><img class=\"aligncenter\" src=\"https:\/\/www.kidsplaza.vn\/media\/product\/5319_0_thuoc_tam2.jpg\" alt=\"\" \/><\/p>\n<p>&nbsp;<\/p>\n<p><img class=\"aligncenter\" src=\"https:\/\/www.kidsplaza.vn\/media\/product\/5319_0_thuoc_tam3.jpg\" alt=\"\" \/><\/p>\n<p>+T\u1eafm xong lau kh\u00f4 ng\u01b0\u1eddi, kh\u00f4ng tr\u00e1ng l\u1ea1i b\u1eb1ng n\u01b0\u1edbc n\u00f3ng th\u00f4ng th\u01b0\u1eddng.<\/p>\n<p><img class=\"aligncenter\" src=\"https:\/\/www.kidsplaza.vn\/media\/product\/5319_0_thuoc_tam4.jpg\" alt=\"\" \/><\/p>\n<ul>\n<li><strong>T\u1eafm b\u1ed3n<\/strong><\/li>\n<\/ul>\n<p>+ Pha 1 m\u1ed9t chai Dao\u2019spa v\u00e0o b\u1ed3n t\u1eafm c\u00f3 s\u1eb5n 50-100 lit n\u01b0\u1edbc n\u00f3ng t\u1eeb 37-420C (n\u01b0\u1edbc n\u00f3ng gi\u00e0) \u0111\u1ec3 ng\u00e2m trong 15-20 ph\u00fat. Kh\u00f4ng tr\u00e1ng l\u1ea1i b\u1eb1ng n\u01b0\u1edbc th\u01b0\u1eddng sau khi ng\u00e2m.<\/p>\n<p><img class=\"aligncenter\" src=\"https:\/\/www.kidsplaza.vn\/media\/product\/5319_0_thuoc_tam5.jpg\" alt=\"\" \/><\/p>\n<p><img class=\"aligncenter\" src=\"https:\/\/www.kidsplaza.vn\/media\/product\/5319_0_thuoc_tam6.jpg\" alt=\"\" \/><\/p>\n<p><strong>2. Li\u1ec7u tr\u00ecnh t\u1eafm<\/strong><\/p>\n<ul>\n<li>N\u00ean t\u1eafm sau khi sinh 3 ng\u00e0y n\u1ebfu sinh th\u01b0\u1eddng, 7 ng\u00e0y n\u1ebfu sinh m\u1ed5 (sau khi v\u1ebft m\u1ed5 \u0111\u00e3 kh\u00f4).<\/li>\n<li>Li\u1ec7u tr\u00ecnh t\u1eafm n\u00ean k\u00e9o d\u00e0i t\u1ed1i thi\u1ec3u l\u00e0 6 l\u1ea7n t\u1eafm.<\/li>\n<li>Sau th\u1eddi gian n\u00e0y, b\u1ea1n c\u00f3 th\u1ec3 t\u1eafm nh\u1eafc l\u1ea1i 1-2 l\u1ea7n m\u1ed7i tu\u1ea7n \u0111\u1ec3 \u0111\u1ea1t \u0111\u01b0\u1ee3c hi\u1ec7u qu\u1ea3 t\u1ed1t nh\u1ea5t.<\/li>\n<\/ul>\n<p><strong>Ch\u00fa \u00fd<\/strong><\/p>\n<p>+ Dung d\u1ecbch d\u00f9ng ngo\u00e0i, kh\u00f4ng u\u1ed1ng.<\/p>\n<p>+ Kh\u00f4ng s\u1eed d\u1ee5ng khi c\u00f3 ti\u1ec1n s\u1eed m\u1eabn c\u1ea3m v\u1edbi b\u1ea5t k\u1ef3 th\u00e0nh ph\u1ea7n n\u00e0o c\u1ee7a s\u1ea3n ph\u1ea9m, ng\u01b0\u1eddi say r\u01b0\u1ee3u bia, ph\u1ee5 n\u1eef \u0111ang mang thai ho\u1eb7c trong k\u1ef3 kinh nguy\u1ec7t, ng\u01b0\u1eddi b\u1ec7nh tim m\u1ea1ch, huy\u1ebft \u00e1p cao ho\u1eb7c th\u1ea5p.<\/p>\n<p>+ M\u1ed9t s\u1ed1 tr\u01b0\u1eddng h\u1ee3p khi t\u1eafm c\u00f3 th\u1ec3 c\u00f3 c\u1ea3m gi\u00e1c m\u1ea5t th\u0103ng b\u1eb1ng, bu\u1ed3n ng\u1ee7\u2026 th\u00ec n\u00ean ng\u1eebng t\u1eafm, ngh\u1ec9 ng\u01a1i 5-10 ph\u00fat s\u1ebd tr\u1edf l\u1ea1i ho\u00e0n to\u00e0n b\u00ecnh th\u01b0\u1eddng<\/p>\n","protected":false},"excerpt":{"rendered":"<p>S\u1eefa t\u1eafm ph\u00f9 h\u1ee3p cho c\u00e1c b\u00e0 m\u1eb9 tr\u1ebb, gi\u00fap t\u0103ng c\u01b0\u1eddng s\u1ee9c \u0111\u1ec1 kh\u00e1ng, gi\u1ea3m c\u0103ng th\u1eb3ng &#8211; m\u1ec7t m\u1ecfi.\u00a0Kh\u00f4ng s\u1eed d\u1ee5ng khi c\u00f3 ti\u1ec1n s\u1eed m\u1eabn c\u1ea3m v\u1edbi b\u1ea5t k\u1ef3 th\u00e0nh ph\u1ea7n n\u00e0o c\u1ee7a s\u1ea3n ph\u1ea9m, ng\u01b0\u1eddi say r\u01b0\u1ee3u bia, ph\u1ee5 n\u1eef \u0111ang mang thai ho\u1eb7c trong k\u1ef3 kinh nguy\u1ec7t, ng\u01b0\u1eddi b\u1ec7nh tim m\u1ea1ch, huy\u1ebft \u00e1p cao ho\u1eb7c th\u1ea5p.<\/p>\n","protected":false},"featured_media":1084,"comment_status":"open","ping_status":"closed","template":"","meta":[],"product_cat":[113,119],"product_tag":[],"_links":{"self":[{"href":"https:\/\/congtyphannguyen.com\/w\/mevabe\/wp-json\/wp\/v2\/product\/1083"}],"collection":[{"href":"https:\/\/congtyphannguyen.com\/w\/mevabe\/wp-json\/wp\/v2\/product"}],"about":[{"href":"https:\/\/congtyphannguyen.com\/w\/mevabe\/wp-json\/wp\/v2\/types\/product"}],"replies":[{"embeddable":true,"href":"https:\/\/congtyphannguyen.com\/w\/mevabe\/wp-json\/wp\/v2\/comments?post=1083"}],"wp:featuredmedia":[{"embeddable":true,"href":"https:\/\/congtyphannguyen.com\/w\/mevabe\/wp-json\/wp\/v2\/media\/1084"}],"wp:attachment":[{"href":"https:\/\/congtyphannguyen.com\/w\/mevabe\/wp-json\/wp\/v2\/media?parent=1083"}],"wp:term":[{"taxonomy":"product_cat","embeddable":true,"href":"https:\/\/congtyphannguyen.com\/w\/mevabe\/wp-json\/wp\/v2\/product_cat?post=1083"},{"taxonomy":"product_tag","embeddable":true,"href":"https:\/\/congtyphannguyen.com\/w\/mevabe\/wp-json\/wp\/v2\/product_tag?post=1083"}],"curies":[{"name":"wp","href":"https:\/\/api.w.org\/{rel}","templated":true}]}}