{"id":968,"date":"2017-10-06T00:45:07","date_gmt":"2017-10-05T17:45:07","guid":{"rendered":"https:\/\/bizhostvn.com\/w\/mevabe\/?post_type=product&#038;p=968"},"modified":"2017-10-11T11:40:38","modified_gmt":"2017-10-11T04:40:38","slug":"banh-my-cat-lat-bo-tuoi-la-gache-tranchee-500g","status":"publish","type":"product","link":"https:\/\/congtyphannguyen.com\/w\/mevabe\/sanpham\/banh-my-cat-lat-bo-tuoi-la-gache-tranchee-500g\/","title":{"rendered":"B\u00e1nh m\u1ef3 c\u1eaft l\u00e1t b\u01a1 t\u01b0\u01a1i La G\u00e2che Tranch\u00e9e 500g"},"content":{"rendered":"<h2><strong>B\u00e1nh m\u1ef3 c\u1eaft l\u00e1t b\u01a1 t\u01b0\u01a1i La G\u00e2che Tranch\u00e9e 500g &#8211; h\u01b0\u01a1ng v\u1ecb tuy\u1ec7t h\u1ea3o t\u1eeb Ph\u00e1p<\/strong><\/h2>\n<p>B\u00e1nh m\u1ef3 c\u1eaft l\u00e1t b\u01a1 t\u01b0\u01a1i La G\u00e2che Tranch\u00e9e 500g\u00a0l\u00e0 d\u00f2ng s\u1ea3n ph\u1ea9m r\u1ea5t \u0111\u01b0\u1ee3c c\u00e1c m\u1eb9 y\u00eau th\u00edch t\u1ea1i Kids Plaza ngay t\u1eeb khi \u0111\u01b0\u1ee3c \u0111\u01b0a ra c\u1eeda h\u00e0ng.<\/p>\n<p>S\u1ea3n ph\u1ea9m kh\u00f4ng nh\u1eefng mang \u0111\u1ebfn <strong>h\u01b0\u01a1ng v\u1ecb truy\u1ec1n th\u1ed1ng, h\u1ea3o h\u1ea1n<\/strong> c\u1ee7a Ph\u00e1p m\u00e0 n\u00f3 c\u00f2n t\u1ea1o s\u1ef1 m\u1edbi l\u1ea1 thay \u0111\u1ed5i kh\u1ea9u v\u1ecb h\u00e0ng ng\u00e0y cho t\u1ea5t c\u1ea3 c\u00e1c th\u00e0nh vi\u00ean trong gia \u0111\u00ecnh b\u1ea1n.<\/p>\n<p>B\u00e1nh m\u1ef3 c\u1eaft l\u00e1t b\u01a1 t\u01b0\u01a1i La G\u00e2che Tranch\u00e9e 500g\u00a0v\u1edbi th\u00e0nh ph\u1ea7n ch\u1ee9a b\u01a1 t\u01b0\u01a1i n\u00ean khi \u0103n s\u1ebd c\u1ea3m nh\u1eadn \u0111\u01b0\u1ee3c <strong>v\u1ecb b\u00e9o v\u00e0 h\u01a1i ng\u1eady<\/strong> h\u01a1n so v\u1edbi c\u00e1c lo\u1ea1i b\u00e1nh kh\u00e1c c\u1ee7a ph\u00e1p \u0111\u01b0\u1ee3c l\u00e0m t\u1eeb kem t\u01b0\u01a1i<\/p>\n<p>B\u00e1nh \u0111\u01b0\u1ee3c c\u1eaft th\u00e0nh t\u1eebng l\u00e1t s\u1eb5n n\u00ean r\u1ea5t ti\u1ec7n l\u1ee3i khi s\u1eed d\u1ee5ng. B\u1ea1n c\u00f3 th\u1ec3 \u0103n k\u1eb9p c\u00f9ng x\u00fac x\u00edch, pho mai hay ch\u1ebf bi\u1ebfn th\u00e0nh m\u00f3n hamburger.<\/p>\n<p><img class=\"aligncenter\" src=\"https:\/\/k.r.worldssl.net\/media\/wysiwyg\/product\/be-an-be-uong\/banh-an-dam-keo-dinh-duong\/banh-my-cat-lat-bo-tuoi-la-gache-tranchee-500g-1.jpg\" alt=\"\" width=\"500\" \/><\/p>\n<h3><strong>\u0110\u1eb7c \u0111i\u1ec3m ch\u00ednh c\u1ee7a b\u00e1nh\u00a0m\u1ef3 c\u1eaft l\u00e1t b\u01a1 t\u01b0\u01a1i La G\u00e2che Tranch\u00e9e 500g\u00a0<\/strong><\/h3>\n<ul>\n<li>B\u00e1nh m\u1ef3 c\u1eaft l\u00e1t b\u01a1 t\u01b0\u01a1i La G\u00e2che Tranch\u00e9e 500g\u00a0b\u01a1 t\u01b0\u01a1i d\u1ea1ng \u1ed5, c\u00f3 tr\u1ecdng l\u01b0\u1ee3ng 500g cho b\u00e9 v\u00e0 c\u1ea3 gia \u0111\u00ecnh tho\u1ea3i m\u00e1i th\u01b0\u1edfng th\u1ee9c.<\/li>\n<li>\u1ed4 b\u00e1nh \u0111\u01b0\u1ee3c c\u1eaft l\u00e1t \u0111\u1ec1u v\u00e0 r\u1ea5t \u0111\u1eb9p m\u1eaft, ti\u1ec7n l\u1ee3i khi s\u1eed d\u1ee5ng.<\/li>\n<li>B\u00e1nh thi\u1ebft d\u1ea1ng c\u1eaft l\u00e1t d\u1ec5 k\u1eb9p m\u00f3n \u0103n kh\u00e1c nh\u01b0: th\u1ecbt, salad, rau c\u1ee7, gan ng\u1ed7ng, pa-t\u00ea&#8230;<\/li>\n<li>B\u00e1nh m\u1ec1m, x\u1ed1p, c\u00f3 \u0111\u1ed9 dai nh\u1ea5t \u0111inh, b\u00e9o ng\u1eady c\u00f9ng h\u01b0\u01a1ng th\u01a1m \u0111\u1eb7c tr\u01b0ng k\u00edch th\u00edch v\u1ecb gi\u00e1c c\u1ee7a b\u00e9.<\/li>\n<li>Ph\u00f9 h\u1ee3p v\u1edbi m\u1ecdi \u0111\u1ecd tu\u1ed5i<\/li>\n<li>\u0110\u00f3ng g\u00f3i c\u1ea9n th\u1eadn c\u00f3 th\u1ec3 mang theo khi \u0111i du l\u1ecbch xa<\/li>\n<\/ul>\n<p><img class=\"aligncenter\" src=\"https:\/\/k.r.worldssl.net\/media\/wysiwyg\/product\/be-an-be-uong\/banh-an-dam-keo-dinh-duong\/banh-my-cat-lat-bo-tuoi-la-gache-tranchee-500g-2.jpg\" alt=\"\" width=\"500\" \/><\/p>\n<p><em>B\u00e1nh m\u1ef3 c\u1eaft l\u00e1t b\u01a1 t\u01b0\u01a1i La G\u00e2che Tranch\u00e9e 500g\u00a0<\/em><\/p>\n","protected":false},"excerpt":{"rendered":"<p>B\u00e1nh m\u1ef3 c\u1eaft l\u00e1t b\u01a1 t\u01b0\u01a1i La G\u00e2che Tranch\u00e9e 500g\u00a0l\u00e0 d\u00f2ng s\u1ea3n ph\u1ea9m r\u1ea5t \u0111\u01b0\u1ee3c c\u00e1c m\u1eb9 y\u00eau th\u00edch t\u1ea1i Kids Plaza ngay t\u1eeb khi \u0111\u01b0\u1ee3c \u0111\u01b0a ra c\u1eeda h\u00e0ng.<\/p>\n<p>S\u1ea3n ph\u1ea9m kh\u00f4ng nh\u1eefng mang \u0111\u1ebfn <strong>h\u01b0\u01a1ng v\u1ecb truy\u1ec1n th\u1ed1ng, h\u1ea3o h\u1ea1n<\/strong> c\u1ee7a Ph\u00e1p m\u00e0 n\u00f3 c\u00f2n t\u1ea1o s\u1ef1 m\u1edbi l\u1ea1 thay \u0111\u1ed5i kh\u1ea9u v\u1ecb h\u00e0ng ng\u00e0y cho t\u1ea5t c\u1ea3 c\u00e1c th\u00e0nh vi\u00ean trong gia \u0111\u00ecnh b\u1ea1n.<\/p>\n","protected":false},"featured_media":969,"comment_status":"open","ping_status":"closed","template":"","meta":[],"product_cat":[24,16,17],"product_tag":[],"_links":{"self":[{"href":"https:\/\/congtyphannguyen.com\/w\/mevabe\/wp-json\/wp\/v2\/product\/968"}],"collection":[{"href":"https:\/\/congtyphannguyen.com\/w\/mevabe\/wp-json\/wp\/v2\/product"}],"about":[{"href":"https:\/\/congtyphannguyen.com\/w\/mevabe\/wp-json\/wp\/v2\/types\/product"}],"replies":[{"embeddable":true,"href":"https:\/\/congtyphannguyen.com\/w\/mevabe\/wp-json\/wp\/v2\/comments?post=968"}],"wp:featuredmedia":[{"embeddable":true,"href":"https:\/\/congtyphannguyen.com\/w\/mevabe\/wp-json\/wp\/v2\/media\/969"}],"wp:attachment":[{"href":"https:\/\/congtyphannguyen.com\/w\/mevabe\/wp-json\/wp\/v2\/media?parent=968"}],"wp:term":[{"taxonomy":"product_cat","embeddable":true,"href":"https:\/\/congtyphannguyen.com\/w\/mevabe\/wp-json\/wp\/v2\/product_cat?post=968"},{"taxonomy":"product_tag","embeddable":true,"href":"https:\/\/congtyphannguyen.com\/w\/mevabe\/wp-json\/wp\/v2\/product_tag?post=968"}],"curies":[{"name":"wp","href":"https:\/\/api.w.org\/{rel}","templated":true}]}}