{"id":224,"date":"2017-03-27T00:37:19","date_gmt":"2017-03-26T17:37:19","guid":{"rendered":"http:\/\/pet.fonicweb.com\/?post_type=product&#038;p=224"},"modified":"2017-03-27T00:48:39","modified_gmt":"2017-03-26T17:48:39","slug":"cac-giong-cho-phoc","status":"publish","type":"product","link":"https:\/\/congtyphannguyen.com\/w\/pet\/san-pham\/cac-giong-cho-phoc\/","title":{"rendered":"C\u00e1c gi\u1ed1ng ch\u00f3 ph\u1ed1c"},"content":{"rendered":"<p>1. Ch\u00f3 ph\u1ed1c lai nh\u1eadt<\/p>\n<p>Ch\u00f3 ph\u1ed1c l\u00e0 gi\u1ed1ng ch\u00f3 r\u1ea5t d\u1ec5 sinh \u0111\u1ebb, d\u1ec5 nh\u00e2n gi\u1ed1ng v\u00e0 lai t\u1ea1o n\u00ean hi\u1ec7n c\u00f3 r\u1ea5t nhi\u1ec1u gi\u1ed1ng ch\u00f3 ph\u1ed1c lai tr\u00ean th\u1ecb tr\u01b0\u1eddng nh\u01b0: ph\u1ed1c h\u01b0\u01a1u lai ph\u1ed1c s\u00f3c, ph\u1ed1c h\u01b0\u01a1u lai chihuahua, ph\u1ed1c h\u01b0\u01a1u lai l\u1ea1p x\u01b0\u1edfng,\u2026. Ph\u1ed5 bi\u1ebfn nh\u1ea5t l\u00e0 nh\u1eefng em ch\u00f3 ph\u1ed1c lai nh\u1eadt \u2013 lai gi\u1eefa gi\u1ed1ng ph\u1ed1c s\u00f3c (ho\u1eb7c ph\u1ed1c h\u01b0\u01a1u) vs gi\u1ed1ng ch\u00f3 nh\u1eadt. Nh\u1eefng em ph\u1ed1c lai nh\u1eadt th\u01b0\u1eddng c\u00f3 m\u1eb7t ng\u1eafn, tai d\u00e0i c\u1ee5p, l\u01b0ng cong, d\u00e1ng thu\u00f4n d\u00e0i, l\u00f4ng ng\u1eafn, m\u01b0\u1ee3t. Hi\u1ec7n gi\u00e1 c\u1ee7a nh\u1eefng em ch\u00f3 ph\u1ed1c lai nh\u1eadt kh\u00e1 d\u1ec5 chiu, ch\u1ec9 t\u1eeb 1 \u2013 2 tri\u1ec7u l\u00e0 b\u1ea1n \u0111\u00e3 c\u00f3 th\u1ec3 s\u1edf h\u1eefu 1 em r\u1ea5t \u0111\u1eb9p r\u1ed3i. Gi\u00e1 d\u01b0\u1edbi 1 tri\u1ec7u c\u0169ng r\u1ea5t ph\u1ed5 bi\u1ebfn.<\/p>\n<p>ch\u00f3 ph\u1ed1c lai nh\u1eadt<\/p>\n<p>M\u1ed9t em ch\u00f3 ph\u1ed1c s\u00f3c lai nh\u1eadt<\/p>\n<p>Ngo\u00e0i ra, c\u00f3 1 gi\u1ed1ng ch\u00f3 ph\u1ed1c lai kh\u00e1c c\u0169ng r\u1ea5t ph\u1ed5 bi\u1ebfn l\u00e0 ph\u1ed1c lai chihuahua. Chihuahua v\u1ed1n n\u1ed5i ti\u1ebfng l\u00e0 gi\u1ed1ng ch\u00f3 nh\u1ecf nh\u1ea5t th\u1ebf gi\u1edbi, n\u00ean nh\u1eefng con lai r\u1ea5t nh\u1ecf, ch\u1ec9 t\u1eeb 1 \u2013 2 kg, v\u00e0 \u0111\u00e1ng y\u00eau. Gi\u00e1 c\u1ee7a nh\u1eefng em ch\u00f3 n\u00e0y r\u01a1i v\u00e0o kho\u1ea3ng 1 \u2013 2 tri\u1ec7u. N\u1ebfu k\u00edch th\u01b0\u1edbc r\u1ea5t nh\u1ecf c\u1ee1 tiny ho\u1eb7c teacup th\u00ec gi\u00e1 s\u1ebd \u0111\u1eaft h\u01a1n (c\u00e0ng nh\u1ecf c\u00e0ng \u0111\u1eaft).<\/p>\n<p>2. Ch\u00f3 ph\u1ed1c h\u01b0\u01a1u<\/p>\n<p>Ch\u00f3 ph\u1ed1c h\u01b0\u01a1u l\u00e0 gi\u1ed1ng ch\u00f3 s\u0103n nh\u1ecf c\u00f3 ngu\u1ed3n g\u1ed1c \u0110\u1ee9c, \u0111\u01b0\u1ee3c lai gi\u1eefa Dachshunds (ch\u00f3 l\u1ea1p x\u01b0\u1edfng) v\u00e0 Greyhounds. Chi\u1ec1u cao trung b\u00ecnh 25 \u2013 30cm, n\u1eb7ng 4 \u2013 6kg. Ch\u00f3 ph\u1ed1c h\u01b0\u01a1u chu\u1ea9n, thu\u1ea7n ch\u1ee7ng ph\u1ea3i th\u00e2n h\u00ecnh thanh tho\u00e1t, ng\u1ef1c n\u1edf, vai khi \u0111\u1ee9ng cao h\u01a1n h\u00f4ng m\u1ed9t ch\u00fat, l\u01b0ng th\u1eb3ng, m\u1eb7t d\u00e0i (nh\u00ecn gi\u1ed1ng m\u1eb7t h\u01b0\u01a1u) v\u00e0 d\u00e1ng \u0111\u1ee9ng oai v\u1ec7. Ch\u00f3 ph\u1ed1c h\u01b0\u01a1u c\u00f3 2 m\u00e0u ph\u1ed5 bi\u1ebfn l\u00e0 n\u00e2u \u0111\u1ecf v\u00e0 \u0111en pha n\u00e2u nh\u1ea1t. \u1ede Vi\u1ec7t Nam ph\u1ed5 bi\u1ebfn nh\u1ea5t l\u00e0 m\u00e0u n\u00e2u \u0111\u1ecf.<\/p>\n<p>Ch\u00f3 ph\u1ed1c h\u01b0\u01a1u<\/p>\n<p>Gi\u00e1 ch\u00f3 ph\u1ed1c h\u01b0\u01a1u chu\u1ea9n \u1edf Vi\u1ec7t Nam dao \u0111\u1ed9ng t\u1eeb 2 \u2013 4 tri\u1ec7u. Nh\u1eefng em ph\u1ed1c \u0111en pha n\u00e2u nh\u1ea1t hi\u1ebfm h\u01a1n, n\u00ean gi\u00e1 c\u0169ng nh\u1ec9nh h\u01a1n \u0111\u00f4i ch\u00fat. C\u00f3 nh\u1eefng em ph\u1ed1c \u0111\u1eb9p v\u01b0\u1ee3t tr\u1ed9i gi\u00e1 c\u00f3 th\u1ec3 cao h\u01a1n g\u1ea5p v\u00e0i l\u1ea7n. Ngo\u00e0i ra c\u00f2n c\u00f3 ph\u1ed1c nh\u1eadp t\u1eeb Th\u00e1i, gi\u00e1 th\u01b0\u1eddng cao tr\u00ean 4 tri\u1ec7u \/ em.<\/p>\n<p>3. Ch\u00f3 ph\u1ed1c s\u00f3c<\/p>\n<p>Gi\u1ed1ng ch\u00f3 ph\u1ed1c h\u01b0\u01a1u v\u00e0 ph\u1ed1c s\u00f3c kh\u00f4ng h\u1ec1 c\u00f3 h\u1ecd h\u00e0ng g\u1ea7n v\u1edbi nhau, m\u00e0 ch\u1ec9 do k\u00edch th\u01b0\u1edbc t\u01b0\u01a1ng \u0111\u01b0\u01a1ng v\u00e0 khu\u00f4n m\u1eb7t kh\u00e1 gi\u1ed1ng nhau, n\u00ean \u0111\u01b0\u1ee3c g\u1ecdi chung l\u00e0 ph\u1ed1c. Ch\u00f3 ph\u1ed1c s\u00f3c (t\u00ean \u0111\u1ea7y \u0111\u1ee7 l\u00e0 Pomeranian, th\u01b0\u1eddng \u0111\u01b0\u1ee3c g\u1ecdi l\u00e0 Pom) ban \u0111\u1ea7u l\u00e0 gi\u1ed1ng ch\u00f3 ch\u0103n c\u1eebu \u1edf mi\u1ec1n \u0110\u00f4ng \u0110\u1ee9c, v\u1edbi k\u00edch th\u01b0\u1edbc kh\u00e1 l\u1edbn, kho\u1ea3ng 13kg. V\u1ec1 sau N\u1eef Ho\u00e0ng Victoria (Anh Qu\u1ed1c) \u0111\u00e3 cho nh\u00e2n gi\u1ed1ng v\u00e0 lai t\u1ea1o gi\u1ed1ng ch\u00f3 n\u00e0y \u0111\u1ec3 ch\u00fang nh\u1ecf h\u01a1n, ph\u00f9 h\u1ee3p h\u01a1n v\u1edbi \u0111i\u1ec1u ki\u1ec7n nu\u00f4i trong nh\u00e0 v\u00e0 ho\u00e0ng cung.<\/p>\n<p>ch\u00f3 ph\u1ed1c s\u00f3c<\/p>\n<p>Hi\u1ec7n nh\u1eefng em ph\u1ed1c s\u00f3c c\u00f3 c\u00e2n n\u1eb7ng ph\u1ed5 bi\u1ebfn l\u00e0 1 \u2013 3kg, v\u00e0 chi\u1ec1u cao t\u1eeb 18 \u2013 30cm, \u0111\u01b0\u1ee3c xem v\u00e0o size toy (nh\u1eefng gi\u1ed1ng ch\u00f3 c\u00f3 chi\u1ec1u cao khi tr\u01b0\u1edfng th\u00e0nh kho\u1ea3ng 25cm). V\u1ec1 \u0111\u1eb7c \u0111i\u1ec3m ngo\u1ea1i h\u00ecnh, ch\u00f3 ph\u1ed1c s\u00f3c c\u00f3 l\u00f4ng d\u00e0i m\u01b0\u1ee3t r\u1ea5t \u0111\u1eb7c tr\u01b0ng, m\u1eb7t thu\u00f4n d\u00e0i gi\u1ed1ng m\u1eb7t c\u00e1o, tai nh\u1ecdn d\u1ef1ng, \u0111u\u00f4i d\u00e0i x\u00f9 v\u00e0 u\u1ed1n cong tr\u00ean l\u01b0ng. V\u1ec1 t\u00ednh c\u00e1ch, gi\u1ed1ng ch\u00f3 n\u00e0y r\u1ea5t th\u00f4ng minh lanh l\u1ee3i, r\u1ea5t c\u1ea3nh gi\u00e1c v\u1edbi ng\u01b0\u1eddi l\u1ea1 v\u00e0 \u0111\u1eb7c bi\u1ec7t l\u00e0 r\u1ea5t ch\u1ea3nh.<\/p>\n<p>Gi\u00e1 c\u1ee7a nh\u1eefng em ph\u1ed1c s\u00f3c cao h\u01a1n nhi\u1ec1u so v\u1edbi ph\u1ed1c h\u01b0\u01a1u, kho\u1ea3ng tr\u00ean 6 tri\u1ec7u \/ em (ph\u1ed1c s\u00f3c sinh t\u1ea1i VN). C\u0169ng c\u00f3 gi\u00e1 5 tri\u1ec7u nh\u01b0ng r\u1ea5t hi\u1ebfm. Gi\u00e1 c\u1ee5 th\u1ec3 \u0111\u01b0\u1ee3c \u0111\u1ecbnh t\u00f9y thu\u1ed9c v\u00e0o m\u00e0u l\u00f4ng, \u0111\u1ed9 \u0111\u1eb9p x\u1ea5u c\u1ee7a t\u1eebng em. N\u00f3i chung nh\u1eefng em ph\u1ed1c s\u00f3c s\u1ebd kh\u00f4ng c\u00f3 gi\u00e1 &lt; 4 tri\u1ec7u. N\u1ebfu r\u1ebb qu\u00e1 b\u1ea1n c\u1ea7n c\u1ea3nh gi\u00e1c k\u1ebbo mua ph\u1ea3i ch\u00f3 b\u1ec7nh ho\u1eb7c ch\u00f3 b\u1ecb lai t\u1ea1p.<\/p>\n<p>4. Ch\u00f3 ph\u1ed1c chu\u1ed9t<\/p>\n<p>Gi\u1ed1ng ch\u00f3 ph\u1ed1c chu\u1ed9t kh\u00e1 ph\u1ed5 bi\u1ebfn \u1edf Vi\u1ec7t Nam, \u0111\u01b0\u1ee3c lai gi\u1eefa ch\u00f3 s\u1ee5c vs chihuahua. K\u00edch th\u01b0\u1edbc kh\u00e1 nh\u1ecf, cao d\u01b0\u1edbi 25cm n\u1eb7ng d\u01b0\u1edbi 3kg. N\u1ebfu nh\u00ecn tho\u00e1ng qua, ph\u1ed1c chu\u1ed9t tr\u00f4ng r\u1ea5t gi\u1ed1ng ph\u1ed1c h\u01b0\u01a1u tuy nhi\u00ean, n\u1ebfu \u0111\u1ec3 \u00fd k\u1ef9 h\u01a1n th\u00ec ph\u1ed1c chu\u1ed9t kh\u00f4ng c\u00f3 \u0111\u01b0\u1ee3c d\u00e1ng v\u1ebb oai v\u1ec7, m\u1eb7t ng\u1eafn h\u01a1n, l\u01b0ng cong ch\u1ee9 kh\u00f4ng th\u1eb3ng, vai v\u00e0 h\u00f4ng cao b\u1eb1ng nhau khi \u0111\u1ee9ng v\u00e0 c\u0169ng kh\u00f4ng \u0111\u01b0\u1ee3c nhanh nh\u1eb9n b\u1eb1ng ph\u1ed1c h\u01b0\u01a1u.<\/p>\n<p>ch\u00f3 ph\u1ed1c chu\u1ed9t<\/p>\n<p>Khi c\u00f2n nh\u1ecf, nh\u1eefng \u0111\u1eb7c \u0111i\u1ec3m n\u00e0y r\u1ea5t kh\u00f3 ph\u00e2n bi\u1ec7t. Ch\u1ec9 khi \u0111\u01b0\u1ee3c 3 \u2013 4 th\u00e1ng tu\u1ed5i, nh\u1eefng \u0111i\u1ec3m n\u00e0y m\u1edbi d\u1ec5 nh\u1eadn th\u1ea5y. L\u1ee3i d\u1ee5ng s\u1ef1 gi\u1ed1ng nhau n\u00e0y, nhi\u1ec1u \u0111\u1ed1i t\u01b0\u1ee3ng bu\u00f4n ch\u00f3 \u0111\u00e3 rao b\u00e1n nh\u1eefng em ph\u1ed1c chu\u1ed9t v\u1edbi gi\u00e1 c\u1ee7a ph\u1ed1c h\u01b0\u01a1u. Ph\u1ed1c chu\u1ed9t c\u00f3 gi\u00e1 ch\u1ee7 y\u1ebfu ch\u1ec9 kho\u1ea3ng h\u01a1n 1 tri\u1ec7u, trong khi nh\u1eefng em ph\u1ed1c h\u01b0\u01a1u chu\u1ea9n th\u01b0\u1eddng c\u00f3 gi\u00e1 tr\u00ean 3 tri\u1ec7u.<\/p>\n<p>\u0110\u00e0n Ph\u1ed1c H\u01b0\u01a1u chu\u1ea9n b\u1ecb xu\u1ea5t chu\u1ed3ng t\u00ecm nh\u00e0 m\u1edbi cu\u1ed1i th\u00e1ng 3\/2017<\/p>\n<p>\u0110\u00e0n Ph\u1ed1c H\u01b0\u01a1u (Minpin) s\u1eb5n s\u00e0ng v\u1ec1 nh\u00e0 m\u1edbi. T\u1ea5t c\u1ea3 c\u00e1c b\u00e9 \u0111\u1ec1u c\u00f3 b\u1ed1 m\u1eb9 r\u00f5 r\u00e0ng, sinh t\u1ea1i H\u00e0 N\u1ed9i. \u0110\u00e3 bi\u1ebft \u0103n c\u01a1m v\u00e0 h\u1ea1t kh\u00f4, \u0111\u01b0\u1ee3c ti\u00eam ph\u00f2ng \u00edt nh\u1ea5t 1 m\u0169i tr\u01b0\u1edbc khi v\u1ec1 nh\u00e0 m\u1edbi. B\u1ea3o h\u00e0n s\u1ee9c kh\u1ecfe 15 ng\u00e0y \u0111\u1ed1i v\u1edbi t\u1ea5t c\u1ea3 c\u00e1c b\u1ec7nh \u0111\u00e3 \u0111\u01b0\u1ee3c ti\u00eam ph\u00f2ng. Ba m\u1eb9 n\u00e0o quan t\u00e2m h\u00e3y nhanh tay \u0111\u1ec3 ch\u1ecdn ngay c\u00fan \u0111\u1eb9p.<\/p>\n<h3><strong>Li\u00ean h\u1ec7: 0123 9853 946<\/strong><\/h3>\n<p>Giao d\u1ecbch tr\u1ef1c ti\u1ebfp t\u1ea1i H\u00e0 N\u1ed9i v\u00e0 TPHCM. Nh\u1eadn ship to\u00e0n qu\u1ed1c.<\/p>\n","protected":false},"excerpt":{"rendered":"<p>1. Ch\u00f3 ph\u1ed1c lai nh\u1eadt Ch\u00f3 ph\u1ed1c l\u00e0 gi\u1ed1ng ch\u00f3 r\u1ea5t d\u1ec5 sinh \u0111\u1ebb, d\u1ec5 nh\u00e2n gi\u1ed1ng v\u00e0 lai t\u1ea1o n\u00ean hi\u1ec7n c\u00f3 r\u1ea5t nhi\u1ec1u gi\u1ed1ng ch\u00f3 ph\u1ed1c lai tr\u00ean th\u1ecb tr\u01b0\u1eddng nh\u01b0: ph\u1ed1c h\u01b0\u01a1u lai ph\u1ed1c s\u00f3c, ph\u1ed1c h\u01b0\u01a1u lai chihuahua, ph\u1ed1c h\u01b0\u01a1u lai l\u1ea1p x\u01b0\u1edfng,\u2026. Ph\u1ed5 bi\u1ebfn nh\u1ea5t l\u00e0 nh\u1eefng em ch\u00f3 ph\u1ed1c [&#8230;]\n","protected":false},"featured_media":226,"comment_status":"open","ping_status":"closed","template":"","meta":[],"product_cat":[22,23],"product_tag":[27,26],"_links":{"self":[{"href":"https:\/\/congtyphannguyen.com\/w\/pet\/wp-json\/wp\/v2\/product\/224"}],"collection":[{"href":"https:\/\/congtyphannguyen.com\/w\/pet\/wp-json\/wp\/v2\/product"}],"about":[{"href":"https:\/\/congtyphannguyen.com\/w\/pet\/wp-json\/wp\/v2\/types\/product"}],"replies":[{"embeddable":true,"href":"https:\/\/congtyphannguyen.com\/w\/pet\/wp-json\/wp\/v2\/comments?post=224"}],"wp:featuredmedia":[{"embeddable":true,"href":"https:\/\/congtyphannguyen.com\/w\/pet\/wp-json\/wp\/v2\/media\/226"}],"wp:attachment":[{"href":"https:\/\/congtyphannguyen.com\/w\/pet\/wp-json\/wp\/v2\/media?parent=224"}],"wp:term":[{"taxonomy":"product_cat","embeddable":true,"href":"https:\/\/congtyphannguyen.com\/w\/pet\/wp-json\/wp\/v2\/product_cat?post=224"},{"taxonomy":"product_tag","embeddable":true,"href":"https:\/\/congtyphannguyen.com\/w\/pet\/wp-json\/wp\/v2\/product_tag?post=224"}],"curies":[{"name":"wp","href":"https:\/\/api.w.org\/{rel}","templated":true}]}}