{"id":234,"date":"2017-03-27T05:14:11","date_gmt":"2017-03-26T22:14:11","guid":{"rendered":"http:\/\/pet.fonicweb.com\/?post_type=product&#038;p=234"},"modified":"2017-03-27T05:14:11","modified_gmt":"2017-03-26T22:14:11","slug":"meo-anh-long-ngan","status":"publish","type":"product","link":"https:\/\/congtyphannguyen.com\/w\/pet\/san-pham\/meo-anh-long-ngan\/","title":{"rendered":"M\u00e8o Anh l\u00f4ng ng\u1eafn"},"content":{"rendered":"<p><strong>M\u00e8o Anh l\u00f4ng ng\u1eafn<\/strong> xu\u1ea5t hi\u1ec7n v\u00e0o kho\u1ea3ng <strong>n\u0103m 100 sau C\u00f4ng Nguy\u00ean<\/strong>, khi ng\u01b0\u1eddi La M\u00e3 ho\u00e0n t\u1ea5t cu\u1ed9c x\u00e2m l\u01b0\u1ee3c v\u00e0 khai ph\u00e1 \u0111\u1ea3o\u00a0Anh. H\u1ecd mang theo gi\u1ed1ng m\u00e8o Ai C\u1eadp c\u1ed5 \u0111\u1ea1i \u0111\u1ebfn h\u00f2n \u0111\u1ea3o n\u00e0y, sau \u0111\u00f3 gi\u1ed1ng m\u00e8o n\u00e0y giao\u00a0ph\u1ed1i\u00a0t\u1ef1 do v\u1edbi c\u00e1c gi\u1ed1ng m\u00e8o b\u1ea3n \u0111\u1ecba. Qua nhi\u1ec1u th\u1ebf h\u1ec7 ch\u1ecdn l\u1ecdc t\u1ef1 nhi\u00ean, gi\u1ed1ng m\u00e8o h\u1eadu du\u1ec7 (m\u00e0 sau n\u00e0y \u0111\u01b0\u1ee3c g\u1ecdi l\u00e0 m\u00e8o Anh l\u00f4ng ng\u1eafn) ph\u00e1t tri\u1ec3n c\u00e1c \u0111\u1eb7c \u0111i\u1ec3m \u0111\u1ec3 th\u00edch t\u1ed1t v\u1edbi m\u00f4i tr\u01b0\u1eddng kh\u00ed h\u1eadu kh\u1eafc nghi\u1ec7t c\u1ee7a \u0111\u1ea3o Anh nh\u01b0 c\u01a1 th\u1ec3 m\u1eadp m\u1ea1p h\u01a1n, k\u00edch th\u01b0\u1edbc l\u1edbn\u00a0v\u00e0\u00a0b\u1ed9 l\u00f4ng ng\u1eafn nh\u01b0ng r\u1ea5t d\u00e0y gi\u00fap gi\u1eef nhi\u1ec7t t\u1ed1t. M\u00e8o Anh l\u00f4ng ng\u1eafn hi\u1ec7n \u0111\u1ea1i v\u1ec1 c\u01a1 b\u1ea3n c\u00f3 h\u00ecnh d\u00e1ng kh\u00f4ng thay \u0111\u1ed5i nhi\u1ec1u so v\u1edbi t\u1ed5 ti\u00ean g\u1ea7n 2000 n\u0103m tr\u01b0\u1edbc.<\/p>\n<p>Do c\u00f3 c\u00e1c \u0111\u1eb7c \u0111i\u1ec3m th\u00edch nghi t\u1ed1t, m\u00e8o Anh l\u00f4ng ng\u1eafn\u00a0ph\u00e1t tri\u1ec3n tri\u1ec3n r\u1ea5t m\u1ea1nh t\u1ea1i Anh Qu\u1ed1c, v\u00e0 \u0111\u01b0\u1ee3c nu\u00f4i l\u00e0m th\u00fa c\u01b0ng ph\u1ed5 bi\u1ebfn trong c\u00e1c gia \u0111\u00ecnh qu\u00fd t\u1ed9c\u00a0\u0111\u1ebfn khi <strong>b\u1ecb th\u1ea5t s\u1ee7ng\u00a0cu\u1ed1i th\u1ebf k\u1ef7 19<\/strong>, khi m\u00e8o Ba T\u01b0 xu\u1ea5t hi\u1ec7n \u1edf Anh v\u00e0 c\u00e1c n\u01b0\u1edbc ch\u00e2u \u00c2u. M\u00e8o Ba T\u01b0 v\u1edbi v\u1ebb \u0111\u1eb9p \u0111\u1ed9c v\u00e0 l\u1ea1 nhanh ch\u00f3ng tr\u1edf th\u00e0nh gi\u1ed1ng m\u00e8o \u0111\u01b0\u1ee3c y\u00eau th\u00edch nh\u1ea5t v\u00e0\u00a0so\u00e1n ng\u00f4i c\u1ee7a m\u00e8o Anh truy\u1ec1n th\u1ed1ng. S\u1ed1 l\u01b0\u1ee3ng m\u00e8o Aln\u00a0gi\u1ea3m d\u1ea7n trong nhi\u1ec1u n\u0103m sau \u0111\u00f3.<\/p>\n<p><strong>M\u00e8o Anh l\u00f4ng ng\u1eafn \u0111\u00e3 g\u1ea7n nh\u01b0 tuy\u1ec7t ch\u1ee7ng<\/strong> sau Th\u1ebf chi\u1ebfn I, l\u00fac n\u00e0y nh\u1eefng nh\u00e0 b\u1ea3o t\u1ed3n \u0111\u1ed9ng m\u1edbi th\u1ea5y s\u1ef1 c\u1ea7n thi\u1ebft ph\u1ea3i b\u1ea3o v\u1ec7 gi\u1ed1ng m\u00e8o qu\u00fd b\u1ea3n \u0111\u1ecba, h\u1ecd b\u1eaft \u0111\u1ea7u cho nh\u00e2n gi\u1ed1ng tr\u1edf l\u1ea1i m\u00e8o Aln. Tuy nhi\u00ean do s\u1ed1 l\u01b0\u1ee3ng Aln c\u00f2n l\u1ea1i qu\u00e1 \u00edt \u1ecfi, n\u00ean \u0111\u1ec3\u00a0duy tr\u00ec s\u1ed1 l\u01b0\u1ee3ng v\u00e0 c\u1ea3i thi\u1ec7n gi\u1ed1ng, h\u1ecd cho Aln lai v\u1edbi m\u00e8o Ba T\u01b0, nh\u1eefng ch\u00fa m\u00e8o Anh l\u00f4ng d\u00e0i l\u00e0 m\u1ed9t ph\u1ea7n k\u1ebft qu\u1ea3 c\u1ee7a qu\u00e1 tr\u00ecnh lai t\u1ea1o n\u00e0y.<\/p>\n<p><img loading=\"lazy\" class=\"aligncenter\" src=\"https:\/\/lh3.googleusercontent.com\/-r7PRiE0Ry8c\/Vqcm4a-x8-I\/AAAAAAAAWPc\/i6-NQs7Rfao\/s648-Ic42\/m%2525C3%2525A8o-anh-l%2525C3%2525B4ng-ng%2525E1%2525BA%2525AFn-m%2525C3%2525A8o-aln-2.jpg\" alt=\"M\u00e8o Anh L\u00f4ng Ng\u1eafn | M\u00e8o Aln | M\u00e8o Anh L\u00f4ng Ng\u1eafn thu\u1ea7n ch\u1ee7ng\" width=\"648\" height=\"410\" \/><\/p>\n<p>Do qu\u00e1 tr\u00ecnh lai t\u1ea1o k\u00e9o d\u00e0i h\u00e0ng th\u1eadp k\u1ef7, s\u1ed1 l\u01b0\u1ee3ng m\u00e8o Anh l\u00f4ng ng\u1eafn thu\u1ea7n ch\u1ee7ng \u201ctinh khi\u1ebft\u201d qu\u00e1 \u00edt \u1ecfi n\u00ean h\u1ea7u h\u1ebft m\u00e8o \u0111\u01b0\u1ee3c g\u1ecdi l\u00e0 \u201cm\u00e8o Anh l\u00f4ng ng\u1eafn\u201d th\u1eddi k\u1ef3 n\u00e0y \u0111\u1ec1u b\u1ecb coi l\u00e0 m\u00e8o lai v\u1edbi Ba T\u01b0. Th\u1ebf chi\u1ebfn II khi\u1ebfn t\u00ecnh h\u00ecnh m\u00e8o Aln c\u00e0ng tr\u1edf n\u00ean nguy c\u1ea5p, \u0111\u1ec3 b\u1ea3o t\u1ed3n gen, c\u00e1c nh\u00e0 lai t\u1ea1o kh\u00f4ng ch\u1ec9 lai t\u1ea1o Aln v\u1edbi m\u00e8o Ba T\u01b0, m\u00e0 c\u00f2n cho lai v\u1edbi m\u00e8o Nga, m\u00e8o Th\u1ed5 Nh\u0129 K\u1ef3 v\u00e0 m\u00e8o Ph\u00e1p. M\u00e8o Anh l\u00fac n\u00e0y \u0111\u00e3 g\u1ea7n nh\u01b0 kh\u00f4ng c\u00f2n thu\u1ea9n ch\u1ee7ng. \u0110\u1ebfn nh\u1eefng n\u0103m 60, trong m\u1ed9t n\u1ed7 l\u1ef1c t\u00e1i thi\u1ebft l\u1eadp c\u00e1c ti\u00eau chu\u1ea9n c\u1ee7a m\u00e8o Anh b\u1ea3n \u0111\u1ecba c\u1ed5 \u0111\u1ea1i, c\u00e1c nh\u00e0 lai t\u1ea1o \u0111\u00e3\u00a0th\u00e0nh c\u00f4ng trong vi\u1ec7c t\u00e1ch gen v\u00e0 m\u1ed9t l\u1ea7n n\u1eefa t\u1ea1o ra m\u00e8o Anh l\u00f4ng ng\u1eafn thu\u1ea7n ch\u1ee7ng g\u1ea7n nh\u01b0 tinh khi\u1ebft v\u00e0 \u0111\u01b0\u1ee3c \u00f4ng nh\u1eadn gi\u1ed1ng thu\u1ea7n ch\u1ee7ng \u1edf c\u1ea3\u00a0CFA (Hi\u1ec7p h\u1ed9i m\u00e8o M\u1ef9) v\u00e0 TICA (Hi\u1ec7p h\u1ed9i m\u00e8o Qu\u1ed1c T\u1ebf).<\/p>\n<h2><strong>\u0110\u1eb7c \u0111i\u1ec3m m\u00e8o Anh l\u00f4ng ng\u1eafn<\/strong><\/h2>\n<p>Nh\u01b0 t\u00ean g\u1ecdi, m\u00e8o Anh l\u00f4ng ng\u1eafn c\u00f3 b\u1ed9 l\u00f4ng ng\u1eafn nh\u01b0ng r\u1ea5t d\u00e0y, gi\u00fap gi\u1eef nhi\u1ec7t r\u1ea5t t\u1ed1t. M\u00e0u l\u00f4ng ph\u1ed5 bi\u1ebfn nh\u1ea5t c\u1ee7a m\u00e8o Aln l\u00e0 m\u00e0u x\u00e1m xanh c\u1ed5 \u0111i\u1ec3n, m\u1ed9t s\u1ed1 m\u00e0u s\u1eafc kh\u00e1c l\u00e0 \u0111en, xanh d\u01b0\u01a1ng, tr\u1eafng, \u0111\u1ecf, kem, b\u1ea1c, v\u00e0ng, x\u00e1m \u2013 tr\u1eafng, socola \u2013 tr\u1eafng,\u2026 t\u1ea5t c\u1ea3 \u0111\u1ec1u \u0111\u01b0\u1ee3c c\u00f4ng nh\u1eadn l\u00e0 m\u00e0u c\u1ee7a m\u00e8o Aln thu\u1ea7n ch\u1ee7ng. Ngo\u00e0i ra c\u00f2n c\u00f3 m\u1ed9t s\u1ed1 d\u1ea1ng m\u00e0u kh\u00e1c (kh\u00f4ng th\u1ec3 g\u1ecdi t\u00ean trong ti\u1ebfng Vi\u1ec7t nh\u01b0)\u00a0bicolour,\u00a0fawn, seal,\u00a0colourpoint\u00a0v\u00e0\u00a0tabby.<\/p>\n<p>M\u00e8o Aln c\u00f3 k\u00edch th\u01b0\u1edbc kh\u00e1 l\u1edbn, th\u00e2n h\u00ecnh m\u1eadp m\u1ea1p, c\u00f3 th\u1ec3 n\u1eb7ng t\u1eeb 4 \u2013 8.5 kg khi tr\u01b0\u1edfng th\u00e0nh. \u1ede Vi\u1ec7t Nam, m\u00e8o Aln th\u01b0\u1eddng ch\u1ec9 n\u1eb7ng t\u1eeb 4 \u2013 7kg do ch\u00fang ch\u1ec9 ph\u00e1t tri\u1ec3n \u0111\u1ebfn k\u00edch th\u01b0\u1edbc t\u1ed1i \u0111a \u1edf nh\u1eefng v\u00f9ng c\u00f3 kh\u00ed h\u1eadu l\u1ea1nh (\u0111\u1ec3 gi\u1eef nhi\u1ec7t hi\u1ec7u qu\u1ea3 h\u01a1n). \u0110\u1ea7u m\u00e8o Aln to, tr\u00f2n, m\u00f5m ng\u1eafn, m\u00e1 r\u1ed9ng. M\u1eaft r\u1ea5t tr\u00f2n v\u00e0 to, m\u00e0u m\u1eaft\u00a0ph\u1ed5 bi\u1ebfn nh\u1ea5t l\u00e0 m\u00e0u \u0111\u1ed3ng. M\u1ed9t s\u1ed1 \u00edt c\u00e1 th\u1ec3 m\u00e8o Aln c\u00f3 m\u1eaft m\u00e0u \u0111en, m\u00e0u xanh da tr\u1eddi ho\u1eb7c xanh l\u00e1 c\u00e2y, nh\u1eefng m\u00e0u n\u00e0y v\u1eabn \u0111\u01b0\u1ee3c coi l\u00e0 c\u1ee7a m\u00e8o Aln thu\u1ea7n ch\u1ee7ng.<\/p>\n<p><img loading=\"lazy\" class=\"aligncenter\" src=\"https:\/\/lh3.googleusercontent.com\/-d-czG8sZavI\/Vqcm4e2q-QI\/AAAAAAAAWPg\/kEVe7iJxebI\/s668-Ic42\/m%2525C3%2525A8o-anh-l%2525C3%2525B4ng-ng%2525E1%2525BA%2525AFn-m%2525C3%2525A8o-aln-1.jpg\" alt=\"M\u00e8o Anh L\u00f4ng Ng\u1eafn | M\u00e8o Aln | M\u00e8o Anh L\u00f4ng Ng\u1eafn thu\u1ea7n ch\u1ee7ng\" width=\"668\" height=\"445\" \/><\/p>\n<h2><strong>T\u00ednh c\u00e1ch m\u00e8o Aln<\/strong><\/h2>\n<p>M\u00e8o Aln kh\u00f4ng \u1ed3n \u00e0o, \u00edt k\u00eau hay ph\u00e1 ph\u00e1ch v\u00e0 c\u0169ng kh\u00f4ng th\u00edch nh\u1eefng n\u01a1i \u1ed3n \u00e0o n\u00e1o nhi\u1ec7t. Ch\u00fang s\u1ed1ng\u00a0t\u00ednh c\u1ea3m, r\u1ea5t qu\u1ea5n ch\u1ee7, th\u00edch n\u1eb1m trong l\u00f2ng ch\u1ee7 v\u00e0 th\u00edch \u0111\u01b0\u1ee3c vu\u1ed1t ve. M\u00e8o Aln kh\u00f4ng c\u1ea7n ra ngo\u00e0i nhi\u1ec1u, ch\u00fang c\u00f3 th\u1ec3 t\u1ef1 ch\u01a1i \u0111\u00f9a v\u1edbi c\u00e1c \u0111\u1ed3 v\u1eadt nh\u1ecf trong nh\u00e0. Ch\u00fang kh\u00e1 l\u01b0\u1eddi bi\u1ebfng, c\u00f3 th\u1ec3 n\u1eb1m c\u1ea3 ng\u00e0y ch\u1edd ch\u1ee7 v\u1ec1 n\u00ean r\u1ea5t th\u00edch h\u1ee3p v\u1edbi nh\u1eefng ng\u01b0\u1eddi ch\u1ee7 b\u1eadn r\u1ed9n nh\u01b0 ph\u1ea3i \u0111i h\u1ecdc ho\u1eb7c \u0111i l\u00e0m c\u1ea3 ng\u00e0y.<\/p>\n<h2><strong>Ch\u0103m s\u00f3c m\u00e8o Aln<\/strong><\/h2>\n<p>M\u00e8o Aln kh\u00f4ng qu\u00e1 k\u00e9n \u0103n, ch\u00fang c\u00f3 th\u1ec3 \u0103n gi\u1ed1ng m\u00e8o ta tuy nhi\u00ean do gi\u1ed1ng m\u00e8o n\u00e0y kh\u00e1 l\u01b0\u1eddi, n\u00ean b\u1ea1n c\u1ea7n cho \u0103n h\u1ea1n ch\u1ebf tinh b\u1ed9t v\u00e0 ch\u1ea5t b\u00e9o \u0111\u1ec3 tr\u00e1nh b\u1ecb b\u00e9o ph\u00ec. Ch\u01a1i \u0111\u00f9a c\u00f9ng ch\u00fang h\u00e0ng ng\u00e0y r\u1ea5t c\u1ea7n thi\u1ebft \u0111\u1ec3 gi\u1eef cho ch\u00fang nhanh nh\u1eb9n ho\u1ea1t b\u00e1t v\u00e0 ti\u00eau b\u1edbt m\u1ee1 th\u1eeba.<\/p>\n<p>M\u00e8o Aln l\u00f4ng kh\u00f4ng d\u00e0i nh\u01b0ng r\u1ea5t d\u00e0y v\u00e0 r\u1ee5ng nhi\u1ec1u, nh\u1ea5t l\u00e0 v\u00e0o m\u00f9a thay l\u00f4ng (xu\u00e2n, thu) n\u00ean b\u1ea1n c\u1ea7n ch\u1ea3i l\u00f4ng cho ch\u00fang h\u00e0ng tu\u1ea7n \u0111\u1ec3 lo\u1ea1i b\u1ecf l\u00f4ng r\u1ee5ng. Vi\u1ec7c t\u1eafm g\u1ed9i kh\u00f4ng th\u1ef1c s\u1ef1 c\u1ea7n thi\u1ebft n\u1ebfu ch\u00fang th\u01b0\u1eddng xuy\u00ean \u1edf trong nh\u00e0, tuy nhi\u00ean n\u1ebfu b\u1ea1n mu\u1ed1n t\u1eafm \u0111\u1ec3 gi\u1eef ch\u00fang lu\u00f4n s\u1ea1ch s\u1ebd, th\u00ec b\u1ea1n c\u1ea7n l\u00e0m vi\u1ec7c n\u00e0y t\u1eeb khi ch\u00fang c\u00f2n b\u00e9 \u0111\u1ec3 t\u1eadp cho ch\u00fang quen d\u1ea7n v\u1edbi n\u01b0\u1edbc (m\u00e8o Aln b\u1ea9m sinh s\u1ee3 n\u01b0\u1edbc).<\/p>\n<p><img loading=\"lazy\" class=\"aligncenter\" src=\"https:\/\/lh3.googleusercontent.com\/-xNrnTX9IWfc\/Vqcm4Wqz9aI\/AAAAAAAAWPY\/Wi_e75bCr-c\/s700-Ic42\/m%2525C3%2525A8o-anh-l%2525C3%2525B4ng-ng%2525E1%2525BA%2525AFn-m%2525C3%2525A8o-aln-4.jpg\" alt=\"M\u00e8o Anh L\u00f4ng Ng\u1eafn | M\u00e8o Aln | M\u00e8o Anh L\u00f4ng Ng\u1eafn thu\u1ea7n ch\u1ee7ng\" width=\"700\" height=\"490\" \/><\/p>\n<p>M\u00e8o Aln l\u00e0 gi\u1ed1ng m\u00e8o s\u1ed1ng l\u00e2u, m\u1ed9t ch\u00fa m\u00e8o Anh l\u00f4ng ng\u1eafn \u0111\u01b0\u1ee3c ch\u0103m s\u00f3c t\u1ed1t, kh\u00f4ng m\u1eafc b\u1ec7nh b\u00e9o ph\u00ec v\u00e0 c\u00e1c b\u1ec7nh b\u1ea9m sinh (nh\u01b0 c\u01a1 tim ph\u00ec \u0111\u1ea1i v\u00e0 th\u1eadn \u0111a nang \u2013 2 b\u1ec7nh di truy\u1ec1n kh\u00e1 ph\u1ed5 bi\u1ebfn \u1edf m\u00e8o T\u00e2y) th\u01b0\u1eddng s\u1ed1ng t\u1edbi 12 n\u0103m. M\u00e8o Aln \u0111\u01b0\u1ee3c nu\u00f4i t\u1ea1i c\u00e1c n\u01b0\u1edbc ph\u00e1t tri\u1ec3n, v\u00e0 \u0111\u01b0\u1ee3c ch\u0103m s\u00f3c theo ch\u1ebf \u0111\u1ed9 \u0111\u1ea1t chu\u1ea9n c\u00f3 th\u1ec3 s\u1ed1ng t\u1edbi 14 n\u0103m. C\u00e1 bi\u1ec7t c\u00f3 tr\u01b0\u1eddng h\u1ee3p m\u00e8o Aln s\u1ed1ng t\u1edbi 20 n\u0103m, nh\u01b0ng h\u1ea7u h\u1ebft ch\u00fang ch\u1ec9 c\u00f3 tu\u1ed5i th\u1ecd t\u1ed1t \u0111a l\u00e0 12 n\u0103m.<\/p>\n<h2><strong>Gi\u00e1 m\u00e8o Anh l\u00f4ng ng\u1eafn \u1edf Vi\u1ec7t Nam<\/strong><\/h2>\n<p>Gi\u00e1 m\u00e8o Anh l\u00f4ng ng\u1eafn thu\u1ea7n ch\u1ee7ng \u1edf Vi\u1ec7t Nam dao \u0111\u1ed9ng ch\u1ee7 y\u1ebfu t\u1eeb 4 \u2013 8 tri\u1ec7u \/ em, th\u01b0\u1eddng l\u00e0 m\u00e8o con (d\u01b0\u1edbi 3 th\u00e1ng tu\u1ed5i) ho\u1eb7c m\u00e8o nh\u1ee1 (d\u01b0\u1edbi 8 th\u00e1ng tu\u1ed5i), m\u00e8o c\u00e1i th\u01b0\u1eddng \u0111\u1eaft h\u01a1n m\u00e8o \u0111\u1ef1c 1 \u2013 2\u00a0tri\u1ec7u, v\u00e0\u00a0m\u00e8o tr\u01b0\u1edfng th\u00e0nh (c\u00f3 th\u1ec3 ph\u1ed1i gi\u1ed1ng) th\u01b0\u1eddng c\u00f3 gi\u00e1 cao h\u01a1n m\u00e8o con. C\u00e1 bi\u1ec7t nh\u1eefng em Aln \u0111\u1ef1c m\u1eadp m\u1ea1p, to kh\u1ecfe, \u0111\u1eb9p trai khoai to v\u00e0 m\u00e1u g\u00e1i, l\u00e0m gi\u1ed1ng t\u1ed1t c\u00f3 th\u1ec3 c\u00f3 gi\u00e1 h\u01a1n 10 tri\u1ec7u \/ em<\/p>\n","protected":false},"excerpt":{"rendered":"<p>M\u00e8o Anh l\u00f4ng ng\u1eafn xu\u1ea5t hi\u1ec7n v\u00e0o kho\u1ea3ng n\u0103m 100 sau C\u00f4ng Nguy\u00ean, khi ng\u01b0\u1eddi La M\u00e3 ho\u00e0n t\u1ea5t cu\u1ed9c x\u00e2m l\u01b0\u1ee3c v\u00e0 khai ph\u00e1 \u0111\u1ea3o\u00a0Anh. H\u1ecd mang theo gi\u1ed1ng m\u00e8o Ai C\u1eadp c\u1ed5 \u0111\u1ea1i \u0111\u1ebfn h\u00f2n \u0111\u1ea3o n\u00e0y, sau \u0111\u00f3 gi\u1ed1ng m\u00e8o n\u00e0y giao\u00a0ph\u1ed1i\u00a0t\u1ef1 do v\u1edbi c\u00e1c gi\u1ed1ng m\u00e8o b\u1ea3n \u0111\u1ecba. Qua nhi\u1ec1u th\u1ebf [&#8230;]\n","protected":false},"featured_media":235,"comment_status":"open","ping_status":"closed","template":"","meta":[],"product_cat":[22,23],"product_tag":[31,32],"_links":{"self":[{"href":"https:\/\/congtyphannguyen.com\/w\/pet\/wp-json\/wp\/v2\/product\/234"}],"collection":[{"href":"https:\/\/congtyphannguyen.com\/w\/pet\/wp-json\/wp\/v2\/product"}],"about":[{"href":"https:\/\/congtyphannguyen.com\/w\/pet\/wp-json\/wp\/v2\/types\/product"}],"replies":[{"embeddable":true,"href":"https:\/\/congtyphannguyen.com\/w\/pet\/wp-json\/wp\/v2\/comments?post=234"}],"wp:featuredmedia":[{"embeddable":true,"href":"https:\/\/congtyphannguyen.com\/w\/pet\/wp-json\/wp\/v2\/media\/235"}],"wp:attachment":[{"href":"https:\/\/congtyphannguyen.com\/w\/pet\/wp-json\/wp\/v2\/media?parent=234"}],"wp:term":[{"taxonomy":"product_cat","embeddable":true,"href":"https:\/\/congtyphannguyen.com\/w\/pet\/wp-json\/wp\/v2\/product_cat?post=234"},{"taxonomy":"product_tag","embeddable":true,"href":"https:\/\/congtyphannguyen.com\/w\/pet\/wp-json\/wp\/v2\/product_tag?post=234"}],"curies":[{"name":"wp","href":"https:\/\/api.w.org\/{rel}","templated":true}]}}