{"id":311,"date":"2017-06-13T16:11:11","date_gmt":"2017-06-13T09:11:11","guid":{"rendered":"https:\/\/bizhostvn.com\/w\/shopnoithat\/?page_id=311"},"modified":"2017-06-14T16:37:24","modified_gmt":"2017-06-14T09:37:24","slug":"thiet-ke-noi-that","status":"publish","type":"page","link":"https:\/\/congtyphannguyen.com\/w\/shopnoithat\/thiet-ke-noi-that","title":{"rendered":"Thi\u1ebft k\u1ebf n\u1ed9i th\u1ea5t"},"content":{"rendered":"<div class=\"container\">\n<div class=\"row\">\n<div class=\"col-md-12\">\n<div class=\"cat_header\">\n<h1 class=\"page_title\">THI\u1ebeT K\u1ebe N\u1ed8I TH\u1ea4T<\/h1>\n<\/div>\n<\/div>\n<\/div>\n<div class=\"col-md-12\">\n<div class=\"row content-page\">\n<div class=\"box padding\">\n<p><strong>Nh\u00e0 v\u01b0\u1eddn, chung c\u01b0, bi\u1ec7t th\u1ef1 hay nh\u00e0 ph\u1ed1\u2026 mu\u1ed1n \u0111\u1eb9p, sang tr\u1ecdng th\u00ec \u0111\u00f2i h\u1ecfi t\u1eeb kh\u00e2u thi\u1ebft k\u1ebf sao cho ph\u00f9 h\u1ee3p v\u00e0 ho\u1ea3n ch\u00ednh nh\u1ea5t. Do \u0111\u00f3, ph\u1ea7n tr\u1ecdng t\u00e2m v\u00e0 c\u0169ng \u0111\u01b0\u1ee3c \u0111\u00e1nh gi\u00e1 l\u00e0 y\u1ebfu t\u1ed1 quan tr\u1ecdng \u0111\u00f3 ch\u00ednh l\u00e0 vi\u1ec7c thi\u1ebft k\u1ebf n\u1ed9i th\u1ea5t hi\u1ec7n \u0111\u1ea1i t\u1ea1o n\u00ean t\u00ednh \u0111\u1eb7c th\u00f9 ri\u00eang cho t\u1eebng ng\u00f4i nh\u00e0 theo s\u1edf th\u00edch, th\u00f3i quen s\u1ed1ng c\u0169ng nh\u01b0 nhu c\u1ea7u m\u1ee5c \u0111\u00edch s\u1eed d\u1ee5ng c\u1ee7a t\u1eebng ng\u00f4i nh\u00e0. Kientrucla. com xin t\u01b0 v\u1ea5n thi\u1ebft k\u1ebf n\u1ed9i th\u1ea5t cho c\u00e1c b\u1ea1n nh\u01b0 sau:<\/strong><\/p>\n<h2>1. L\u1ee3i \u00edch c\u1ee7a vi\u1ec7c t\u01b0 v\u1ea5n thi\u1ebft k\u1ebf n\u1ed9i th\u1ea5t hi\u1ec7n \u0111\u1ea1i<\/h2>\n<p>Vi\u1ec7c \u0111\u1ea7u ti\u00ean sau khi ho\u00e0n thi\u1ec7n xong ph\u1ea7n c\u01a1 b\u1ea3n c\u1ee7a ng\u00f4i nh\u00e0 l\u00e0 l\u1ef1a ch\u1ecdn \u0111\u1ed3 n\u1ed9i th\u1ea5t sao cho h\u1ee3p l\u00fd v\u00e0 k\u1ebft h\u1ee3p h\u00e0i h\u00f2a v\u1edbi t\u1ed5ng th\u1ec3 ng\u00f4i nh\u00e0. Theo \u0111\u00f3, vi\u1ec7c t\u01b0 v\u1ea5n thi\u1ebft k\u1ebf n\u1ed9i th\u1ea5t hi\u1ec7n \u0111\u1ea1i l\u00e0 vi\u1ec7c n\u00ean l\u00e0m v\u00e0 n\u00f3 s\u1ebd \u0111em l\u1ea1i 2 l\u1ee3i \u00edch l\u1edbn sau \u0111\u00e2y:<\/p>\n<p><strong>\u2013 Ti\u1ebft ki\u1ec7m chi ph\u00ed : <\/strong>D\u1ef1a v\u00e0o b\u1ea3n thi\u1ebft k\u1ebf n\u1ed9i th\u1ea5t hi\u1ec7n \u0111\u1ea1i ho\u00e0n h\u1ea3o, b\u1ea1n s\u1ebd kh\u00f4ng c\u00f2n ph\u1ea3i lo v\u1ec1 vi\u1ec7c l\u1ef1a ch\u1ecdn k\u00edch th\u01b0\u1edbc, m\u00e0u s\u1eafc sao cho ph\u00f9 h\u1ee3p v\u1edbi ng\u00f4i nh\u00e0 n\u1eefa. \u0110i\u1ec1u n\u00e0y gi\u00fap b\u1ea1n ti\u1ebft ki\u1ec7m m\u1ed9t kho\u1ea3n chi ph\u00ed kh\u00e1 l\u1edbn trong vi\u1ec7c ch\u1ecdn mua. B\u1edfi n\u1ebfu nh\u01b0 b\u1ea1n ch\u1ecdn sai, \u0111\u1ed3 n\u1ed9i th\u1ea5t \u0111\u1ed1i l\u1eadp hay kh\u00f4ng s\u1eed d\u1ee5ng \u0111\u01b0\u1ee3c trong ng\u00f4i nh\u00e0 b\u1ea1n th\u00ec sau m\u1ed9t th\u1eddi gian b\u1ea1n s\u1ebd ph\u1ea3i thay th\u1ebf ch\u00fang.<\/p>\n<p><strong>\u2013 B\u1ed1 tr\u00ed h\u1ee3p l\u00fd :<\/strong> V\u1edbi nh\u1eefng b\u1ea3n thi\u1ebft k\u1ebf, b\u1ea1n c\u00f3 th\u1ec3 y\u00ean t\u00e2m trong qu\u00e1 tr\u00ecnh s\u1eafp x\u1ebfp kh\u00f4ng gian v\u00e0 k\u00ea \u0111\u1eb7t \u0111\u1ed3 n\u1ed9i th\u1ea5t nh\u00e0 \u0111\u1eb9p d\u1ec5 d\u00e0ng v\u00e0 thu\u1eadn ti\u1ec7n h\u01a1n. Ngo\u00e0i ra, b\u1ea1n c\u0169ng c\u00f3 th\u1ec3 t\u1eadn d\u1ee5ng t\u1ed1i \u0111a kh\u00f4ng gian \u0111\u1ec3 c\u00f3 th\u1ec3 s\u1eafp \u0111\u1eb7t m\u1ed9t c\u00e1ch ph\u00f9 h\u1ee3p nh\u1ea5t, ti\u1ebft ki\u1ec7m di\u1ec7n t\u00edch v\u00e0 l\u00e0m t\u0103ng s\u1ef1 r\u1ed9ng r\u00e3i cho kh\u00f4ng gian ph\u00f2ng.<\/p>\n<h2>2. T\u01b0 v\u1ea5n thi\u1ebft k\u1ebf n\u1ed9i th\u1ea5t hi\u1ec7n \u0111\u1ea1i ph\u00f9 h\u1ee3p v\u1edbi t\u1eebng kh\u00f4ng gian<\/h2>\n<p>Nh\u01b0 hi\u1ec7n nay, r\u1ea5t nhi\u1ec1u \u0111\u1ed3 n\u1ed9i th\u1ea5t \u0111\u01b0\u1ee3c b\u00e0y b\u00e1n tr\u00ean th\u1ecb tr\u01b0\u1eddng v\u1edbi nhi\u1ec1u s\u1ea3n ph\u1ea9m ch\u1ea5t l\u01b0\u1ee3ng m\u1eabu m\u00e3, s\u1ea3n ph\u1ea9m \u0111a d\u1ea1ng. C\u1ee5 th\u1ec3, \u0111\u1ec3 l\u1ef1a ch\u1ecdn n\u1ed9i th\u1ea5t ph\u00f9 h\u1ee3p v\u1edbi t\u1eebng kh\u00f4ng gian c\u00e1c gia \u0111\u00ecnh c\u0169ng n\u00ean l\u01b0u \u00fd m\u1ed9t s\u1ed1 y\u1ebfu t\u1ed1 d\u01b0\u1edbi \u0111\u00e2y ho\u1eb7c b\u1ea1n c\u00f3 th\u1ec3 tham kh\u1ea3o m\u1eabu thi\u1ebft k\u1ebf n\u1ed9i th\u1ea5t bi\u1ec7t th\u1ef1 \u0111\u1eb9p t\u1ea1i \u0111\u00e2y.<\/p>\n<h3>(a) Ph\u00f2ng kh\u00e1ch<\/h3>\n<p>Ph\u00f2ng kh\u00e1ch c\u1ee7a nhi\u1ec1u gia \u0111\u00ecnh \u0111\u01b0\u1ee3c bi\u1ebft \u0111\u1ebfn l\u00e0 n\u01a1i d\u00f9ng \u0111\u1ec3 ti\u1ebfp kh\u00e1ch, n\u01a1i sum h\u1ecdp c\u00e1c th\u00e0nh vi\u00ean n\u00ean n\u00f3 chi\u1ebfm m\u1ed9t v\u1ecb tr\u00ed kh\u00e1 quan tr\u1ecdng th\u1ec3 hi\u1ec7n s\u1ef1 tho\u1ea3i m\u00e1i, th\u00e2n thi\u1ec7n v\u00e0 hi\u1ebfu kh\u00e1ch. Do \u0111\u00f3, \u0111\u1ec3 b\u1ed1 tr\u00ed \u0111\u1ed3 n\u1ed9i th\u1ea5t ph\u00f9 h\u1ee3p, ng\u01b0\u1eddi thi\u1ebft k\u1ebf c\u1ea7n c\u00f3 nh\u1eefng bao qu\u00e1t t\u1ed5ng th\u1ec3 \u0111\u1ec3 b\u1ed1 tr\u00ed sao ch\u01a1 ph\u00f2ng kh\u00e1ch tr\u1edf n\u00ean \u1ea5n t\u01b0\u1ee3ng, sang tr\u1ecdng v\u00e0 l\u1ecbch s\u1ef1. T\u1eeb nh\u1eefng b\u1ed9 sofa nh\u1eb9 nh\u00e0ng, m\u00e0u s\u01a1n t\u01b0\u1eddng m\u1edbi n\u1ec1n n\u00e3 k\u1ebft h\u1ee3p v\u1edbi th\u1ea3m tr\u1ea3i t\u1ea1o n\u00ean kh\u00f4ng gian m\u1edbi r\u1ed9ng m\u1edf h\u01a1n. H\u01a1n n\u1eefa, n\u1ebfu vi\u1ec7c ch\u00fa \u00fd \u0111\u1ebfn c\u00e1c v\u1eadt d\u1ee5ng trang tr\u00ed, nh\u1eefng chi ti\u1ebft nh\u1ecf, t\u1ec9 m\u1ec9 nh\u01b0 tranh \u1ea3nh trang tr\u00ed, g\u1ea1ch l\u00e1t n\u1ec1n hay nh\u1eefng \u00e1nh \u0111\u00e8n ch\u00f9m, \u0111\u00e8n t\u01b0\u1eddng,\u2026 s\u1ebd gi\u00fap ph\u00f2ng kh\u00e1ch tr\u1edf n\u00ean kh\u00e1c bi\u1ec7t h\u01a1n r\u1ea5t nhi\u1ec1u.<\/p>\n<p>B\u00ean c\u1ea1nh \u0111\u00f3, c\u00f3 nhi\u1ec1u phong c\u00e1ch \u0111\u1ec3 b\u1ea1n c\u00f3 th\u1ec3 l\u1ef1a ch\u1ecdn nh\u1eefng b\u1ed9 \u0111\u1ed3 n\u1ed9i th\u1eadt theo \u0111\u00fang s\u1edf th\u00edch nh\u01b0: phong c\u00e1ch c\u1ed5 \u0111i\u1ec3n, phong c\u00e1ch hi\u1ec7n \u0111\u1ea1i, phong c\u00e1ch HI-TECH, phong c\u00e1ch theo ki\u1ec3u thuy\u1ebft t\u1ed1i gi\u1ea3n\u2026<\/p>\n<p><img class=\"aligncenter\" src=\"https:\/\/bizweb.dktcdn.net\/100\/103\/391\/files\/16-600x330.jpg?v=1468479851298\" \/><\/p>\n<h3>(b) Ph\u00f2ng b\u1ebfp v\u00e0 ph\u00f2ng \u0103n<\/h3>\n<p>Ph\u00f2ng b\u1ebfp k\u1ebft h\u1ee3p ph\u00f2ng \u0103n l\u00e0 n\u01a1i c\u1ea3 gia \u0111\u00ecnh qu\u00e2y qu\u1ea7n b\u00ean m\u00e2m c\u01a1m \u1ea5m \u00e1p v\u1edbi nh\u1eefng c\u00e2u chuy\u1ec7n vui v\u1ebb v\u1ec1 cu\u1ed9c s\u1ed1ng, v\u1ec1 c\u00f4ng vi\u1ec7c th\u01b0\u1eddng ng\u00e0y.<\/p>\n<p>N\u1ed9i th\u1ea5t ph\u00f2ng b\u1ebfp c\u1ea7n \u0111\u01b0\u1ee3c b\u1ed1 tr\u00ed g\u1ecdn g\u00e0ng, ti\u1ec7n l\u1ee3i, m\u1ed9t c\u00e1ch khoa h\u1ecdc t\u1eeb nh\u1eefng ph\u1ee5 ki\u1ec7n \u0111\u1ed3 b\u1ebfp nh\u01b0: ch\u1eadu r\u1eeba b\u00e1n, b\u1ebfp n\u1ea5u, m\u00e1y l\u1ecdc n\u01b0\u1edbc, l\u00f2 vi s\u00f3ng\u2026 k\u1ec3 c\u1ea3 \u0111\u1ebfn nh\u1eefng d\u1ee5ng c\u1ee5 ph\u1ee5 b\u1ebfp nh\u01b0 k\u1ec7 b\u00e1t, xoong, n\u1ed3i, th\u00f9ng r\u00e1c,\u2026. T\u1ea5t c\u1ea3 \u0111\u1ec1u c\u1ea7n ph\u1ea3i \u0111\u1ea7y \u0111\u1ee7 v\u00e0 c\u1ea7n thi\u1ebft nh\u01b0ng c\u0169ng c\u1ea7n s\u1eafp x\u1ebfp h\u1ee3p l\u00fd v\u00e0 c\u00f3 s\u1ef1 nghi\u00ean c\u1ee9u trong kh\u00e2u thi\u1ebft k\u1ebf m\u1ed9t c\u00e1ch k\u1ef9 l\u01b0\u1ee1ng \u0111\u1ea3m b\u1ea3o t\u00ednh th\u1ea9m m\u1ef9 cao.<\/p>\n<p><img class=\"aligncenter\" src=\"https:\/\/bizweb.dktcdn.net\/100\/103\/391\/files\/thiet-ke-noi-that-nha-bep.jpg?v=1468479973019\" \/><\/p>\n<h3>(c) Ph\u00f2ng ng\u1ee7<\/h3>\n<p>Ph\u00f2ng ng\u1ee7 l\u00e0 n\u01a1i \u0111\u1ec3 b\u1ea1n ngh\u1ec9 ng\u01a1i sau nh\u1eefng gi\u1edd l\u00e0m vi\u1ec7c c\u0103ng th\u1eb3ng v\u00e0 m\u1ec7t m\u1ecfi. Do \u0111\u00f3, m\u1ed7i th\u00e0nh vi\u00ean \u0111\u1ec1u mong mu\u1ed1n c\u00f3 m\u1ed9t kh\u00f4ng gian ngh\u1ec9 ng\u01a1i tho\u1ea3i m\u00e1i v\u00e0 thu\u1eadn ti\u1ec7n nh\u1ea5t. B\u1ea1n c\u00f3 th\u1ec3 s\u1eed d\u1ee5ng nh\u1eefng \u0111\u1ed3 n\u1ed9i th\u1ea5t \u201c2 trong 1\u201d hay \u201c3 trong 1\u201d \u0111\u1ec3 t\u1eadn d\u1ee5ng di\u1ec7n t\u00edch \u0111\u1ec3 c\u0103n ph\u00f2ng tr\u1edf n\u00ean r\u1ed9ng h\u01a1n v\u00e0 tho\u00e1ng h\u01a1n. C\u1ee5 th\u1ec3 nh\u01b0: b\u1ea1n c\u00f3 th\u1ec3 mua nh\u1eefng chi\u1ebfc gi\u01b0\u1eddng ng\u1ee7 c\u00f3 ng\u0103n k\u00e9o ph\u00eda d\u01b0\u1edbi gi\u01b0\u1eddng \u0111\u1ec3 c\u00f3 th\u1ec3 \u0111\u1ef1ng qu\u1ea7n \u00e1o hay ch\u1ee9a \u0111\u1ed3. C\u1ea1nh gi\u01b0\u1eddng ng\u1ee7 c\u00f3 th\u1ec3 b\u1ed1 tr\u00ed nh\u1eefng t\u1ee7 \u0111\u1ef1ng \u0111\u1ed3 trang \u0111i\u1ec3m, b\u00e0n h\u1ecdc nh\u1ecf g\u1ecdn hay k\u1ec7 \u0111\u1ef1ng tivi \u0111\u01b0\u1ee3c s\u1eafp x\u1ebfp sao cho h\u1ee3p l\u00fd.<\/p>\n<p><img class=\"aligncenter\" src=\"https:\/\/bizweb.dktcdn.net\/100\/103\/391\/files\/noi-that-phong-ngu.jpg?v=1468480048717\" \/><\/p>\n<p>&#8230;&#8230;<\/p>\n<h2>3. T\u01b0 v\u1ea5n thi\u1ebft k\u1ebf n\u1ed9i th\u1ea5t ho\u00e0n h\u1ea3o v\u00e0 ch\u1ea5t l\u01b0\u1ee3ng<\/h2>\n<p>Thi\u1ebft k\u1ebf sao cho n\u1ed9i th\u1ea5t ph\u00f9 h\u1ee3p v\u1edbi kh\u00f4ng gian, di\u1ec7n t\u00edch c\u1ee7a c\u0103n h\u1ed9 v\u00e0 c\u1ea3 phong th\u1ee7y c\u1ee7a c\u0103n h\u1ed9 \u0111\u00f3 ra sao, n\u1ed9i th\u1ea5t trong c\u00e1c ph\u00f2ng nh\u01b0 th\u1ebf n\u00e0o.<\/p>\n<p><strong>\u2013 Thi\u1ebft k\u1ebf n\u1ed9i th\u1ea5t hi\u1ec7n \u0111\u1ea1i t\u1ed5ng th\u1ec3:<\/strong><\/p>\n<p>Tu\u1ef3 ch\u1ec9nh T\u1ea7ng, ph\u00f2ng \/ k\u1ebf b\u1ed1 tr\u00ed n\u1ed9i th\u1ea5t<\/p>\n<p>Thuy\u1ebft minh v\u0103n b\u1ea3n c\u1ee7a thi\u1ebft k\u1ebf c\u1ee7a b\u1ea1n<\/p>\n<p>Thi\u1ebft k\u1ebf h\u1ec7 th\u1ed1ng chi\u1ebfu s\u00e1ng<\/p>\n<p>N\u1ed9i th\u1ea5t Th\u00f4ng s\u1ed1 k\u1ef9 thu\u1eadt<\/p>\n<p>H\u1ec7 th\u1ed1ng \u00e2m thanh<\/p>\n<p>Ph\u1ee5 ki\u1ec7n, Ngh\u1ec7 thu\u1eadt v\u00e0 khuy\u1ebfn ngh\u1ecb \u0111\u00e8n chi\u1ebfu s\u00e1ng<\/p>\n<p>T\u01b0 v\u1ea5n m\u00e0u S\u01a1n<\/p>\n<p><strong>\u2013 T\u01b0 v\u1ea5n Thi\u1ebft k\u1ebf n\u1ed9i th\u1ea5t hi\u1ec7n \u0111\u1ea1i chuy\u00ean nghi\u1ec7p<\/strong><\/p>\n<p>Ph\u00e2n t\u00edch chi\u1ebfn l\u01b0\u1ee3c n\u1ed9i th\u1ea5t<\/p>\n<p>\u0110\u00e1nh gi\u00e1 h\u1ec7 th\u1ed1ng c\u00f4ng tr\u00ecnh<\/p>\n<p>T\u01b0 v\u1ea5n, \u0111\u00e1nh gi\u00e1 l\u1ef1a ch\u1ecdn v\u1eadt li\u1ec7u ho\u00e0n thi\u1ec7n<\/p>\n<p>Thi\u1ebft k\u1ebf kh\u00f4ng gian v\u00e0 \u0111\u1ed3 n\u1ed9i th\u1ea5t:<\/p>\n<h2>4. V\u00ec sao b\u1ea1n n\u00ean ch\u1ecdn c\u00f4ng ty t\u01b0 v\u1ea5n thi\u1ebft k\u1ebf n\u1ed9i th\u1ea5t<\/h2>\n<p>\u0110\u1ebfn v\u1edbi c\u00e1c d\u1ecbch v\u1ee5 thi\u1ebft k\u1ebf n\u1ed9i th\u1ea5t hi\u1ec7n \u0111\u1ea1i, ki\u1ebfn tr\u00fac nh\u00e0 \u0111\u1eb9p, \u0111\u1ed9i ng\u0169 ki\u1ebfn tr\u00fac s\u01b0 s\u1ebd \u0111em \u0111\u1ebfn cho c\u00e1c b\u1ea1n c\u1ea3m gi\u00e1c h\u00e0i l\u00f2ng nh\u1ea5t t\u1eeb vi\u1ec7c t\u01b0 v\u1ea5n v\u00e0 th\u1ef1c hi\u1ec7n c\u00e1c c\u00f4ng tr\u00ecnh x\u00e2y d\u1ef1ng l\u00ean ng\u00f4i nh\u00e0 c\u1ee7a b\u1ea1n.<\/p>\n<p>B\u1eb1ng nh\u1eefng n\u1ed7 l\u1ef1c kh\u00f4ng bi\u1ebft m\u1ec7t m\u1ecfi c\u1ee7a to\u00e0n th\u1ec3 c\u00e1n b\u1ed9 nh\u00e2n vi\u00ean, kientrucla.com \u0111\u00e3 t\u1eebng b\u01b0\u1edbc kh\u1eb3ng \u0111\u1ecbnh ch\u1ea5t l\u01b0\u1ee3ng d\u1ecbch v\u1ee5 v\u00e0 uy t\u00edn tuy\u1ec7t \u0111\u1ed1i v\u1edbi kh\u00e1ch h\u00e0ng trong l\u0129nh v\u1ef1c t\u01b0 v\u1ea5n thi\u1ebft k\u1ebf ki\u1ebfn tr\u00fac. R\u1ea5t nhi\u1ec1u d\u1ef1 \u00e1n l\u1edbn, y\u00eau c\u1ea7u cao v\u1ec1 ch\u1ea5t l\u01b0\u1ee3ng thi\u1ebft k\u1ebf \u0111\u00e3 \u0111\u01b0\u1ee3c kh\u00e1ch h\u00e0ng tin t\u01b0\u1edfng giao cho ch\u00fang t\u00f4i t\u01b0 v\u1ea5n thi\u1ebft k\u1ebf.<\/p>\n<h2>5. C\u00f4ng ty t\u01b0 v\u1ea5n thi\u1ebft k\u1ebf n\u1ed9i th\u1ea5t uy t\u00edn, gi\u00e1 r\u1ebb v\u00e0 ch\u1ea5t l\u01b0\u1ee3ng<\/h2>\n<p>kientrucla.com \u0111\u01b0\u1ee3c th\u00e0nh l\u1eadp v\u1edbi \u0111\u1ed9i ng\u0169 ki\u1ebfn tr\u00fac s\u01b0, k\u1ef9 s\u01b0 gi\u00e0u th\u00e0nh t\u00edch trong h\u1ecdc t\u1eadp v\u00e0 c\u00f4ng t\u00e1c, c\u00f9ng v\u1edbi s\u1ef1 d\u1eabn d\u1eaft c\u1ee7a c\u00e1c KTS c\u00f3 uy t\u00edn trong gi\u1edbi KTS Vi\u1ec7t Nam, \u0111\u00e3 \u0111\u1ea1t \u0111\u01b0\u1ee3c nhi\u1ec1u gi\u1ea3i th\u01b0\u1edfng ki\u1ebfn tr\u00fac trong n\u01b0\u1edbc v\u00e0 ngo\u00e0i n\u01b0\u1edbc. Qua r\u1ea5t nhi\u1ec1u c\u00f4ng tr\u00ecnh \u0111\u00e3 t\u01b0 v\u1ea5n thi\u1ebft k\u1ebf n\u1ed9i th\u1ea5t v\u00e0 thi c\u00f4ng \u1edf kh\u1eafp m\u1ecdi n\u01a1i tr\u00ean \u0111\u1ea5t n\u01b0\u1edbc Vi\u1ec7t Nam, ch\u00fang t\u00f4i lu\u00f4n t\u1ef1 h\u00e0o l\u00e0 \u0111\u01a1n v\u1ecb t\u01b0 v\u1ea5n thi\u1ebft k\u1ebf n\u1ed9i th\u1ea5t uy t\u00edn v\u00e0 ch\u1ea5t l\u01b0\u1ee3ng.<\/p>\n<p>V\u1edbi t\u00f4n ch\u1ec9 ho\u1ea1t \u0111\u1ed9ng \u201d ng\u00f4i nh\u00e0 c\u1ee7a b\u1ea1n l\u00e0 ni\u1ec1m h\u1ea1nh ph\u00fac c\u1ee7a ch\u00fang t\u00f4i\u201d, nh\u00f3m ki\u1ebfn tr\u00fac s\u01b0-k\u1ef9 s\u01b0 c\u1ee7a kientrucla.com s\u1ebd mang \u0111\u1ebfn cho b\u1ea1n m\u1ed9t kh\u00f4ng gian s\u1ed1ng \u0111\u00edch th\u1ef1c, bi\u1ebfn m\u01a1 \u01b0\u1edbc c\u1ee7a b\u1ea1n tr\u1edf th\u00e0nh hi\u1ec7n th\u1ef1c. B\u1eb1ng nh\u1eefng n\u1ed7 l\u1ef1c kh\u00f4ng bi\u1ebft m\u1ec7t m\u1ecfi c\u1ee7a to\u00e0n th\u1ec3 c\u00e1n b\u1ed9 nh\u00e2n vi\u00ean, kientrucla.com \u0111\u00e3 t\u1eebng b\u01b0\u1edbc kh\u1eb3ng \u0111\u1ecbnh ch\u1ea5t l\u01b0\u1ee3ng d\u1ecbch v\u1ee5 v\u00e0 uy t\u00edn tuy\u1ec7t \u0111\u1ed1i v\u1edbi kh\u00e1ch h\u00e0ng trong l\u0129nh v\u1ef1c t\u01b0 v\u1ea5n thi\u1ebft k\u1ebf ki\u1ebfn tr\u00fac.<\/p>\n<\/div>\n<\/div>\n<\/div>\n<\/div>\n<div class=\"bizweb-product-reviews-module\"><\/div>\n<div class=\"footermap\"><\/div>\n","protected":false},"excerpt":{"rendered":"<p>THI\u1ebeT K\u1ebe N\u1ed8I TH\u1ea4T Nh\u00e0 v\u01b0\u1eddn, chung c\u01b0, bi\u1ec7t th\u1ef1 hay nh\u00e0 ph\u1ed1\u2026 mu\u1ed1n \u0111\u1eb9p, sang tr\u1ecdng th\u00ec \u0111\u00f2i h\u1ecfi t\u1eeb kh\u00e2u thi\u1ebft k\u1ebf sao cho ph\u00f9 h\u1ee3p v\u00e0 ho\u1ea3n ch\u00ednh nh\u1ea5t. Do \u0111\u00f3, ph\u1ea7n tr\u1ecdng t\u00e2m v\u00e0 c\u0169ng \u0111\u01b0\u1ee3c \u0111\u00e1nh gi\u00e1 l\u00e0 y\u1ebfu t\u1ed1 quan tr\u1ecdng \u0111\u00f3 ch\u00ednh l\u00e0 vi\u1ec7c thi\u1ebft k\u1ebf n\u1ed9i th\u1ea5t [&#8230;]\n","protected":false},"author":1,"featured_media":0,"parent":0,"menu_order":0,"comment_status":"closed","ping_status":"closed","template":"","meta":[],"_links":{"self":[{"href":"https:\/\/congtyphannguyen.com\/w\/shopnoithat\/wp-json\/wp\/v2\/pages\/311"}],"collection":[{"href":"https:\/\/congtyphannguyen.com\/w\/shopnoithat\/wp-json\/wp\/v2\/pages"}],"about":[{"href":"https:\/\/congtyphannguyen.com\/w\/shopnoithat\/wp-json\/wp\/v2\/types\/page"}],"author":[{"embeddable":true,"href":"https:\/\/congtyphannguyen.com\/w\/shopnoithat\/wp-json\/wp\/v2\/users\/1"}],"replies":[{"embeddable":true,"href":"https:\/\/congtyphannguyen.com\/w\/shopnoithat\/wp-json\/wp\/v2\/comments?post=311"}],"version-history":[{"count":3,"href":"https:\/\/congtyphannguyen.com\/w\/shopnoithat\/wp-json\/wp\/v2\/pages\/311\/revisions"}],"predecessor-version":[{"id":839,"href":"https:\/\/congtyphannguyen.com\/w\/shopnoithat\/wp-json\/wp\/v2\/pages\/311\/revisions\/839"}],"wp:attachment":[{"href":"https:\/\/congtyphannguyen.com\/w\/shopnoithat\/wp-json\/wp\/v2\/media?parent=311"}],"curies":[{"name":"wp","href":"https:\/\/api.w.org\/{rel}","templated":true}]}}