{"id":307,"date":"2018-08-18T09:26:51","date_gmt":"2018-08-18T02:26:51","guid":{"rendered":"https:\/\/bizhostvn.com\/w\/shopphongthuy\/?post_type=product&#038;p=307"},"modified":"2018-08-18T09:26:51","modified_gmt":"2018-08-18T02:26:51","slug":"mat-deo-co-ho-phach-balan-khac-ong-tre-may-man","status":"publish","type":"product","link":"https:\/\/congtyphannguyen.com\/w\/shopphongthuy\/san-pham\/mat-deo-co-ho-phach-balan-khac-ong-tre-may-man\/","title":{"rendered":"M\u1eb7t \u0111eo c\u1ed5 h\u1ed5 ph\u00e1ch Balan kh\u1eafc \u1ed1ng tre may m\u1eafn"},"content":{"rendered":"<p>+ Ch\u1ea5t li\u1ec7u v\u00e0 ho\u00e0n thi\u1ec7n: M\u1eb7t h\u1ed5 ph\u00e1ch Balan A+++++ kh\u1eafc \u1ed1ng tre m\u00e1y m\u1eafn (c\u00f3 gi\u1ea5y ki\u1ec3m \u0111\u1ecbnh), (t\u1ea1i Vi\u1ec7t Nam).<\/p>\n<p>+ K\u00edch th\u01b0\u1edbc (d\u00e0i x r\u1ed9ng x cao): 4cm x 1.5cm x 0.5cm<\/p>\n<p>+ Kh\u1ed1i l\u01b0\u1ee3ng:3.9 gr<\/p>\n<p>+ \u00dd ngh\u0129a: H\u1ed5 ph\u00e1ch l\u00e0 lo\u1ea1i \u0111\u00e1 qu\u00fd h\u1eefu c\u01a1 \u0111\u01b0\u1ee3c th\u00e0nh t\u1ea1o t\u1eeb nh\u1ef1a c\u00e2y c\u00e1ch nay h\u00e0ng ng\u00e0n \u0111\u1ebfn h\u00e0ng tri\u1ec7u n\u0103m. \u1ed0ng tre may m\u1eafn gi\u00fap tr\u1eeb t\u00e0 v\u00e0 mang l\u1ea1i nhi\u1ec1u may m\u1eafn.<\/p>\n<p>+ C\u00e1ch s\u1eed d\u1ee5ng: trang s\u1ee9c m\u1eb7t \u0111eo c\u1ed5, ng\u1ecdc b\u1ed9i.<\/p>\n","protected":false},"excerpt":{"rendered":"<p>+ Ch\u1ea5t li\u1ec7u v\u00e0 ho\u00e0n thi\u1ec7n: M\u1eb7t h\u1ed5 ph\u00e1ch Balan A+++++ kh\u1eafc \u1ed1ng tre m\u00e1y m\u1eafn (c\u00f3 gi\u1ea5y ki\u1ec3m \u0111\u1ecbnh), (t\u1ea1i Vi\u1ec7t Nam).<\/p>\n<p>+ K\u00edch th\u01b0\u1edbc (d\u00e0i x r\u1ed9ng x cao): 4cm x 1.5cm x 0.5cm<\/p>\n<p>+ Kh\u1ed1i l\u01b0\u1ee3ng:3.9 gr<\/p>\n","protected":false},"featured_media":308,"comment_status":"open","ping_status":"closed","template":"","meta":[],"product_cat":[55,51],"product_tag":[],"_links":{"self":[{"href":"https:\/\/congtyphannguyen.com\/w\/shopphongthuy\/wp-json\/wp\/v2\/product\/307"}],"collection":[{"href":"https:\/\/congtyphannguyen.com\/w\/shopphongthuy\/wp-json\/wp\/v2\/product"}],"about":[{"href":"https:\/\/congtyphannguyen.com\/w\/shopphongthuy\/wp-json\/wp\/v2\/types\/product"}],"replies":[{"embeddable":true,"href":"https:\/\/congtyphannguyen.com\/w\/shopphongthuy\/wp-json\/wp\/v2\/comments?post=307"}],"wp:featuredmedia":[{"embeddable":true,"href":"https:\/\/congtyphannguyen.com\/w\/shopphongthuy\/wp-json\/wp\/v2\/media\/308"}],"wp:attachment":[{"href":"https:\/\/congtyphannguyen.com\/w\/shopphongthuy\/wp-json\/wp\/v2\/media?parent=307"}],"wp:term":[{"taxonomy":"product_cat","embeddable":true,"href":"https:\/\/congtyphannguyen.com\/w\/shopphongthuy\/wp-json\/wp\/v2\/product_cat?post=307"},{"taxonomy":"product_tag","embeddable":true,"href":"https:\/\/congtyphannguyen.com\/w\/shopphongthuy\/wp-json\/wp\/v2\/product_tag?post=307"}],"curies":[{"name":"wp","href":"https:\/\/api.w.org\/{rel}","templated":true}]}}