{"id":313,"date":"2018-08-18T09:31:50","date_gmt":"2018-08-18T02:31:50","guid":{"rendered":"https:\/\/bizhostvn.com\/w\/shopphongthuy\/?post_type=product&#038;p=313"},"modified":"2018-08-18T09:31:51","modified_gmt":"2018-08-18T02:31:51","slug":"chuoi-ma-nao-rong-bien-16li-fs6450","status":"publish","type":"product","link":"https:\/\/congtyphannguyen.com\/w\/shopphongthuy\/san-pham\/chuoi-ma-nao-rong-bien-16li-fs6450\/","title":{"rendered":"Chu\u1ed7i m\u00e3 n\u00e3o rong bi\u1ec3n 16li FS6450"},"content":{"rendered":"<p>+ Ch\u1ea5t li\u1ec7u v\u00e0 ho\u00e0n thi\u1ec7n: Chu\u1ed7i \u0111\u00e1 m\u00e3 n\u00e3o rong bi\u1ec3n (t\u1ea1i Vi\u1ec7t Nam)<\/p>\n<p>+ K\u00edch th\u01b0\u1edbc : Chu\u1ed7i 16li, 13bi.<\/p>\n<p>+ Kh\u1ed1i l\u01b0\u1ee3ng: 56gr<\/p>\n<p>+ \u00dd ngh\u0129a: trang s\u1ee9c phong th\u1ee7y \u0111\u00e1 m\u00e3 n\u00e3o rong bi\u1ec3n l\u00e0m cho ng\u01b0\u1eddi d\u00f9ng tr\u1edf n\u00ean d\u1ec5 m\u1ebfn trong giao ti\u1ebfp v\u00e0 bi\u1ebft \u0103n n\u00f3i, c\u0169ng nh\u01b0 b\u1ea3o v\u1ec7 ch\u1ee7 ch\u1ed1ng l\u1ea1i k\u1ebb th\u00f9 th\u00e2m \u0111\u1ed9c.mang may m\u1eafn v\u1ec1 t\u00e0i l\u1ed9c<\/p>\n<p>+ C\u00e1ch s\u1eed d\u1ee5ng: v\u00f2ng chu\u1ed7i \u0111eo tay<\/p>\n","protected":false},"excerpt":{"rendered":"<p>\u00dd ngh\u0129a: trang s\u1ee9c phong th\u1ee7y \u0111\u00e1 m\u00e3 n\u00e3o rong bi\u1ec3n l\u00e0m cho ng\u01b0\u1eddi d\u00f9ng tr\u1edf n\u00ean d\u1ec5 m\u1ebfn trong giao ti\u1ebfp v\u00e0 bi\u1ebft \u0103n n\u00f3i, c\u0169ng nh\u01b0 b\u1ea3o v\u1ec7 ch\u1ee7 ch\u1ed1ng l\u1ea1i k\u1ebb th\u00f9 th\u00e2m \u0111\u1ed9c.mang may m\u1eafn v\u1ec1 t\u00e0i l\u1ed9c<\/p>\n<p>+ C\u00e1ch s\u1eed d\u1ee5ng: v\u00f2ng chu\u1ed7i \u0111eo tay<\/p>\n","protected":false},"featured_media":314,"comment_status":"open","ping_status":"closed","template":"","meta":[],"product_cat":[55,51],"product_tag":[],"_links":{"self":[{"href":"https:\/\/congtyphannguyen.com\/w\/shopphongthuy\/wp-json\/wp\/v2\/product\/313"}],"collection":[{"href":"https:\/\/congtyphannguyen.com\/w\/shopphongthuy\/wp-json\/wp\/v2\/product"}],"about":[{"href":"https:\/\/congtyphannguyen.com\/w\/shopphongthuy\/wp-json\/wp\/v2\/types\/product"}],"replies":[{"embeddable":true,"href":"https:\/\/congtyphannguyen.com\/w\/shopphongthuy\/wp-json\/wp\/v2\/comments?post=313"}],"wp:featuredmedia":[{"embeddable":true,"href":"https:\/\/congtyphannguyen.com\/w\/shopphongthuy\/wp-json\/wp\/v2\/media\/314"}],"wp:attachment":[{"href":"https:\/\/congtyphannguyen.com\/w\/shopphongthuy\/wp-json\/wp\/v2\/media?parent=313"}],"wp:term":[{"taxonomy":"product_cat","embeddable":true,"href":"https:\/\/congtyphannguyen.com\/w\/shopphongthuy\/wp-json\/wp\/v2\/product_cat?post=313"},{"taxonomy":"product_tag","embeddable":true,"href":"https:\/\/congtyphannguyen.com\/w\/shopphongthuy\/wp-json\/wp\/v2\/product_tag?post=313"}],"curies":[{"name":"wp","href":"https:\/\/api.w.org\/{rel}","templated":true}]}}